Last updated on 2024-07-17 20:57:03 CEST.
Flavor | Version | Tinstall | Tcheck | Ttotal | Status | Flags |
---|---|---|---|---|---|---|
r-devel-linux-x86_64-debian-clang | 0.1.1 | 16.54 | 129.71 | 146.25 | OK | |
r-devel-linux-x86_64-debian-gcc | 0.1.1 | 10.47 | 93.83 | 104.30 | OK | |
r-devel-linux-x86_64-fedora-clang | 0.1.1 | 175.98 | NOTE | |||
r-devel-linux-x86_64-fedora-gcc | 0.1.1 | 164.09 | NOTE | |||
r-devel-windows-x86_64 | 0.1.1 | 15.00 | 103.00 | 118.00 | OK | |
r-patched-linux-x86_64 | 0.1.1 | 14.52 | 120.96 | 135.48 | OK | |
r-release-linux-x86_64 | 0.1.1 | 12.73 | 120.39 | 133.12 | OK | |
r-release-macos-arm64 | 0.1.1 | 51.00 | OK | |||
r-release-macos-x86_64 | 0.1.1 | 78.00 | OK | |||
r-release-windows-x86_64 | 0.1.1 | 13.00 | 103.00 | 116.00 | OK | |
r-oldrel-macos-arm64 | 0.1.1 | 66.00 | OK | |||
r-oldrel-macos-x86_64 | 0.1.1 | 110.00 | OK | |||
r-oldrel-windows-x86_64 | 0.1.1 | 18.00 | 123.00 | 141.00 | OK |
Version: 0.1.1
Check: dependencies in R code
Result: NOTE
Namespace in Imports field not imported from: ‘lestat’
All declared Imports should be used.
Flavors: r-devel-linux-x86_64-fedora-clang, r-devel-linux-x86_64-fedora-gcc