Last updated on 2025-11-20 19:50:02 CET.
| Flavor | Version | Tinstall | Tcheck | Ttotal | Status | Flags |
|---|---|---|---|---|---|---|
| r-devel-linux-x86_64-debian-clang | 0.9.0 | 3.87 | 30.52 | 34.39 | OK | |
| r-devel-linux-x86_64-debian-gcc | 0.9.0 | 2.88 | 22.75 | 25.63 | OK | |
| r-devel-linux-x86_64-fedora-clang | 0.9.0 | 13.00 | 39.39 | 52.39 | OK | |
| r-devel-linux-x86_64-fedora-gcc | 0.9.0 | 15.00 | 36.26 | 51.26 | OK | |
| r-devel-windows-x86_64 | 0.8.0 | 8.00 | 51.00 | 59.00 | NOTE | |
| r-patched-linux-x86_64 | 0.9.0 | 3.98 | 27.98 | 31.96 | OK | |
| r-release-linux-x86_64 | 0.9.0 | 3.76 | 27.52 | 31.28 | OK | |
| r-release-macos-arm64 | 0.8.0 | 3.00 | 9.00 | 12.00 | OK | |
| r-release-macos-x86_64 | 0.9.0 | 13.00 | 46.00 | 59.00 | OK | |
| r-release-windows-x86_64 | 0.9.0 | 8.00 | 57.00 | 65.00 | OK | |
| r-oldrel-macos-arm64 | 0.9.0 | 0.00 | 9.00 | 9.00 | ERROR | |
| r-oldrel-macos-x86_64 | 0.9.0 | 12.00 | 45.00 | 57.00 | OK | |
| r-oldrel-windows-x86_64 | 0.9.0 | 10.00 | 62.00 | 72.00 | OK |
Version: 0.8.0
Check: Rd cross-references
Result: NOTE
Found the following Rd file(s) with Rd \link{} targets missing package
anchors:
PRDenEstC.Rd: bkde, dpik
locpol.Rd: locpoly
locpolSmoothers.Rd: locpoly
Please provide package anchors for all Rd \link{} targets not in the
package itself and the base packages.
Flavor: r-devel-windows-x86_64
Version: 0.9.0
Check: whether package can be installed
Result: ERROR
Installation failed.
Flavor: r-oldrel-macos-arm64