Last updated on 2024-03-28 19:48:35 CET.
Flavor | Version | Tinstall | Tcheck | Ttotal | Status | Flags |
---|---|---|---|---|---|---|
r-devel-linux-x86_64-debian-clang | 1.1.2 | 11.95 | 37.54 | 49.49 | NOTE | |
r-devel-linux-x86_64-debian-gcc | 1.1.2 | 9.75 | 28.96 | 38.71 | NOTE | |
r-devel-linux-x86_64-fedora-clang | 1.1.2 | 69.12 | NOTE | |||
r-devel-linux-x86_64-fedora-gcc | 1.1.2 | 62.21 | NOTE | |||
r-devel-windows-x86_64 | 1.1.2 | 14.00 | 67.00 | 81.00 | NOTE | |
r-patched-linux-x86_64 | 1.1.2 | 12.72 | 37.57 | 50.29 | NOTE | |
r-release-linux-x86_64 | 1.1.2 | 12.73 | 37.37 | 50.10 | NOTE | |
r-release-macos-arm64 | 1.1.2 | 23.00 | NOTE | |||
r-release-macos-x86_64 | 1.1.2 | 35.00 | NOTE | |||
r-release-windows-x86_64 | 1.1.2 | 14.00 | 74.00 | 88.00 | NOTE | |
r-oldrel-macos-arm64 | 1.1.2 | 26.00 | OK | |||
r-oldrel-windows-x86_64 | 1.1.2 | 16.00 | 80.00 | 96.00 | OK |
Version: 1.1.2
Check: C++ specification
Result: NOTE
Specified C++11: please drop specification unless essential
Flavors: r-devel-linux-x86_64-debian-clang, r-devel-linux-x86_64-debian-gcc, r-devel-linux-x86_64-fedora-clang, r-devel-linux-x86_64-fedora-gcc, r-devel-windows-x86_64, r-patched-linux-x86_64, r-release-linux-x86_64, r-release-macos-arm64, r-release-macos-x86_64, r-release-windows-x86_64