Last updated on 2024-04-26 21:57:20 CEST.
Flavor | Version | Tinstall | Tcheck | Ttotal | Status | Flags |
---|---|---|---|---|---|---|
r-devel-linux-x86_64-debian-clang | 0.4.1 | 2.31 | 42.37 | 44.68 | OK | |
r-devel-linux-x86_64-debian-gcc | 0.4.1 | 2.16 | 34.79 | 36.95 | OK | |
r-devel-linux-x86_64-fedora-clang | 0.4.1 | 55.55 | NOTE | |||
r-devel-linux-x86_64-fedora-gcc | 0.4.1 | 59.41 | NOTE | |||
r-devel-windows-x86_64 | 0.4.1 | 3.00 | 58.00 | 61.00 | OK | |
r-patched-linux-x86_64 | 0.4.1 | 2.63 | 44.19 | 46.82 | OK | |
r-release-linux-x86_64 | 0.4.1 | 3.08 | 44.52 | 47.60 | OK | |
r-release-macos-arm64 | 0.4.1 | 25.00 | OK | |||
r-release-windows-x86_64 | 0.4.1 | 4.00 | 59.00 | 63.00 | OK | |
r-oldrel-macos-arm64 | 0.4.1 | 27.00 | OK | |||
r-oldrel-macos-x86_64 | 0.4.1 | 72.00 | OK | |||
r-oldrel-windows-x86_64 | 0.4.1 | 4.00 | 61.00 | 65.00 | OK |
Version: 0.4.1
Check: data for non-ASCII characters
Result: NOTE
Note: found 1 marked UTF-8 string
Flavors: r-devel-linux-x86_64-fedora-clang, r-devel-linux-x86_64-fedora-gcc