Last updated on 2025-11-25 20:50:57 CET.
| Flavor | Version | Tinstall | Tcheck | Ttotal | Status | Flags |
|---|---|---|---|---|---|---|
| r-devel-linux-x86_64-debian-clang | 1.4 | 12.94 | 32.93 | 45.87 | NOTE | |
| r-devel-linux-x86_64-debian-gcc | 1.4 | 6.43 | 25.66 | 32.09 | NOTE | |
| r-devel-linux-x86_64-fedora-clang | 1.4 | 40.00 | 30.70 | 70.70 | OK | |
| r-devel-linux-x86_64-fedora-gcc | 1.4 | 23.00 | 52.39 | 75.39 | OK | |
| r-devel-windows-x86_64 | 1.4 | 12.00 | 57.00 | 69.00 | OK | |
| r-patched-linux-x86_64 | 1.4 | 9.36 | 30.61 | 39.97 | OK | |
| r-release-linux-x86_64 | 1.4 | 8.14 | 30.59 | 38.73 | OK | |
| r-release-macos-arm64 | 1.4 | OK | ||||
| r-release-macos-x86_64 | 1.4 | 13.00 | 52.00 | 65.00 | OK | |
| r-release-windows-x86_64 | 1.4 | 13.00 | 57.00 | 70.00 | OK | |
| r-oldrel-macos-arm64 | 1.4 | OK | ||||
| r-oldrel-macos-x86_64 | 1.4 | 9.00 | 47.00 | 56.00 | OK | |
| r-oldrel-windows-x86_64 | 1.4 | 11.00 | 61.00 | 72.00 | OK |
Version: 1.4
Check: CRAN incoming feasibility
Result: NOTE
Maintainer: ‘Jing hua Zhao <jinghuazhao@hotmail.com>’
No Authors@R field in DESCRIPTION.
Please add one, modifying
Authors@R: c(person(given = c("Original", "by", "Joseph", "L."),
family = "Schafer",
role = "aut"),
person(given = c("Jing", "hua"),
family = "Zhao",
role = "cre",
email = "jinghuazhao@hotmail.com"))
as necessary.
Flavors: r-devel-linux-x86_64-debian-clang, r-devel-linux-x86_64-debian-gcc