Last updated on 2024-04-19 20:56:42 CEST.
Flavor | Version | Tinstall | Tcheck | Ttotal | Status | Flags |
---|---|---|---|---|---|---|
r-devel-linux-x86_64-debian-clang | 1.2.1 | 4.16 | 68.29 | 72.45 | OK | |
r-devel-linux-x86_64-debian-gcc | 1.2.1 | OK | ||||
r-devel-linux-x86_64-fedora-clang | 1.2.1 | 88.24 | NOTE | |||
r-devel-linux-x86_64-fedora-gcc | 1.2.1 | 82.73 | OK | |||
r-prerel-macos-arm64 | 1.2.1 | 23.00 | OK | |||
r-prerel-windows-x86_64 | 1.2.1 | 4.00 | 63.00 | 67.00 | OK | |
r-patched-linux-x86_64 | 1.2.1 | 4.72 | 63.27 | 67.99 | OK | |
r-release-linux-x86_64 | 1.2.1 | 4.85 | 63.88 | 68.73 | OK | |
r-release-macos-arm64 | 1.2.1 | 25.00 | OK | |||
r-release-macos-x86_64 | 1.2.1 | 40.00 | OK | |||
r-release-windows-x86_64 | 1.2.1 | 4.00 | 75.00 | 79.00 | OK | |
r-oldrel-macos-arm64 | 1.2.1 | 23.00 | OK | |||
r-oldrel-windows-x86_64 | 1.2.1 | 19.00 | 81.00 | 100.00 | OK |
Version: 1.2.1
Check: Rd cross-references
Result: NOTE
Undeclared packages ‘sfsmisc’, ‘mnormt’ in Rd xrefs
Flavor: r-devel-linux-x86_64-fedora-clang