Last updated on 2024-04-18 21:56:55 CEST.
Flavor | Version | Tinstall | Tcheck | Ttotal | Status | Flags |
---|---|---|---|---|---|---|
r-devel-linux-x86_64-debian-clang | 3.1-3 | 18.22 | 269.69 | 287.91 | OK | |
r-devel-linux-x86_64-debian-gcc | 3.1-3 | 11.81 | 198.38 | 210.19 | OK | |
r-devel-linux-x86_64-fedora-clang | 3.1-3 | 347.55 | OK | |||
r-devel-linux-x86_64-fedora-gcc | 3.1-3 | 334.78 | OK | |||
r-prerel-macos-arm64 | 3.1-3 | 96.00 | OK | |||
r-prerel-windows-x86_64 | 3.1-3 | 14.00 | 199.00 | 213.00 | OK | |
r-patched-linux-x86_64 | 3.1-3 | 13.56 | 263.97 | 277.53 | OK | |
r-release-linux-x86_64 | 3.1-3 | 14.57 | 263.32 | 277.89 | OK | |
r-release-macos-arm64 | 3.1-3 | 108.00 | OK | |||
r-release-macos-x86_64 | 3.1-3 | 183.00 | NOTE | |||
r-release-windows-x86_64 | 3.1-3 | 18.00 | 257.00 | 275.00 | OK | |
r-oldrel-macos-arm64 | 3.1-3 | 98.00 | OK | |||
r-oldrel-windows-x86_64 | 3.1-3 | 19.00 | 264.00 | 283.00 | OK |
Version: 3.1-3
Check: package dependencies
Result: NOTE
Package suggested but not available for checking: ‘pbkrtest’
Flavor: r-release-macos-x86_64
Version: 3.1-3
Check: Rd cross-references
Result: NOTE
Package unavailable to check Rd xrefs: ‘pbkrtest’
Flavor: r-release-macos-x86_64