CRAN Package Check Results for Package lmeSplines

Last updated on 2025-07-12 20:50:34 CEST.

Flavor Version Tinstall Tcheck Ttotal Status Flags
r-devel-linux-x86_64-debian-clang 1.1-12 1.89 21.86 23.75 NOTE
r-devel-linux-x86_64-debian-gcc 1.1-12 1.60 18.17 19.77 NOTE
r-devel-linux-x86_64-fedora-clang 1.1-12 36.81 OK
r-devel-linux-x86_64-fedora-gcc 1.1-12 34.57 OK
r-devel-windows-x86_64 1.1-12 3.00 44.00 47.00 NOTE
r-patched-linux-x86_64 1.1-12 1.87 20.89 22.76 NOTE
r-release-linux-x86_64 1.1-12 2.02 20.56 22.58 NOTE
r-release-macos-arm64 1.1-12 18.00 OK
r-release-macos-x86_64 1.1-12 26.00 OK
r-release-windows-x86_64 1.1-12 3.00 109.00 112.00 NOTE
r-oldrel-macos-arm64 1.1-12 16.00 OK
r-oldrel-macos-x86_64 1.1-12 27.00 OK
r-oldrel-windows-x86_64 1.1-12 3.00 47.00 50.00 OK

Check Details

Version: 1.1-12
Check: CRAN incoming feasibility
Result: NOTE Maintainer: ‘Andrzej Galecki <agalecki@umich.edu>’ No Authors@R field in DESCRIPTION. Please add one, modifying Authors@R: c(person(given = "Rod", family = "Ball", role = "aut", email = "rod.ball@scionresearch.com"), person(given = "Andrzej", family = "Galecki", role = "cre", email = "agalecki@umich.edu")) as necessary. Flavors: r-devel-linux-x86_64-debian-clang, r-devel-linux-x86_64-debian-gcc

Version: 1.1-12
Check: Rd cross-references
Result: NOTE Found the following Rd file(s) with Rd \link{} targets missing package anchors: approx.Z.Rd: nlme smSplineEx1.Rd: lme smspline.Rd: predict.lme, nlme Please provide package anchors for all Rd \link{} targets not in the package itself and the base packages. Flavors: r-devel-linux-x86_64-debian-clang, r-devel-linux-x86_64-debian-gcc, r-devel-windows-x86_64, r-patched-linux-x86_64, r-release-linux-x86_64, r-release-windows-x86_64