Last updated on 2024-04-19 20:56:42 CEST.
Flavor | Version | Tinstall | Tcheck | Ttotal | Status | Flags |
---|---|---|---|---|---|---|
r-devel-linux-x86_64-debian-clang | 1.1-35.2 | 121.41 | 586.34 | 707.75 | OK | |
r-devel-linux-x86_64-debian-gcc | 1.1-35.3 | OK | ||||
r-devel-linux-x86_64-fedora-clang | 1.1-35.3 | 889.47 | NOTE | |||
r-devel-linux-x86_64-fedora-gcc | 1.1-35.3 | 936.47 | OK | |||
r-prerel-macos-arm64 | 1.1-35.3 | 165.00 | NOTE | |||
r-prerel-macos-x86_64 | 1.1-35.3 | 291.00 | NOTE | |||
r-prerel-windows-x86_64 | 1.1-35.3 | 86.00 | 379.00 | 465.00 | NOTE | |
r-patched-linux-x86_64 | 1.1-35.3 | 88.38 | 571.58 | 659.96 | OK | |
r-release-linux-x86_64 | 1.1-35.2 | 87.83 | 573.15 | 660.98 | OK | |
r-release-macos-arm64 | 1.1-35.3 | 214.00 | NOTE | |||
r-release-macos-x86_64 | 1.1-35.3 | 295.00 | NOTE | |||
r-release-windows-x86_64 | 1.1-35.2 | 110.00 | 489.00 | 599.00 | NOTE | |
r-oldrel-macos-arm64 | 1.1-35.3 | 174.00 | NOTE | |||
r-oldrel-windows-x86_64 | 1.1-35.3 | 72.00 | 424.00 | 496.00 | NOTE |
Version: 1.1-35.3
Check: installed package size
Result: NOTE
installed size is 5.9Mb
sub-directories of 1Mb or more:
R 1.5Mb
doc 1.6Mb
testdata 1.3Mb
Flavors: r-devel-linux-x86_64-fedora-clang, r-prerel-macos-arm64, r-prerel-macos-x86_64, r-prerel-windows-x86_64, r-release-macos-arm64, r-release-macos-x86_64, r-oldrel-macos-arm64, r-oldrel-windows-x86_64
Version: 1.1-35.2
Check: installed package size
Result: NOTE
installed size is 6.5Mb
sub-directories of 1Mb or more:
R 1.5Mb
doc 1.6Mb
libs 1.4Mb
testdata 1.3Mb
Flavor: r-release-windows-x86_64