Last updated on 2024-03-28 19:48:35 CET.
Flavor | Version | Tinstall | Tcheck | Ttotal | Status | Flags |
---|---|---|---|---|---|---|
r-devel-linux-x86_64-debian-clang | 1.0.0 | 10.50 | 81.56 | 92.06 | NOTE | |
r-devel-linux-x86_64-debian-gcc | 1.0.0 | 7.61 | 63.08 | 70.69 | NOTE | |
r-devel-linux-x86_64-fedora-clang | 1.0.0 | 116.16 | NOTE | |||
r-devel-linux-x86_64-fedora-gcc | 1.0.0 | 124.38 | NOTE | |||
r-devel-windows-x86_64 | 1.0.0 | 9.00 | 86.00 | 95.00 | NOTE | |
r-patched-linux-x86_64 | 1.0.0 | 13.07 | 81.74 | 94.81 | NOTE | |
r-release-linux-x86_64 | 1.0.0 | 5.52 | 78.00 | 83.52 | OK | |
r-release-macos-arm64 | 1.0.0 | 42.00 | OK | |||
r-release-macos-x86_64 | 1.0.0 | 59.00 | OK | |||
r-release-windows-x86_64 | 1.0.0 | 13.00 | 96.00 | 109.00 | OK | |
r-oldrel-macos-arm64 | 1.0.0 | 44.00 | OK | |||
r-oldrel-windows-x86_64 | 1.0.0 | 13.00 | 97.00 | 110.00 | OK |
Version: 1.0.0
Check: Rd files
Result: NOTE
checkRd: (-1) is_natural_number.Rd:17: Lost braces; missing escapes or markup?
17 | Test for natural numbers according to ISO 80000-2, that is the set {0, 1, 2, ...}
| ^
Flavors: r-devel-linux-x86_64-debian-clang, r-devel-linux-x86_64-debian-gcc, r-devel-linux-x86_64-fedora-clang, r-devel-linux-x86_64-fedora-gcc, r-devel-windows-x86_64, r-patched-linux-x86_64