Last updated on 2025-05-06 20:50:44 CEST.
Flavor | Version | Tinstall | Tcheck | Ttotal | Status | Flags |
---|---|---|---|---|---|---|
r-devel-linux-x86_64-debian-clang | 1.1.0 | 3.61 | 37.55 | 41.16 | NOTE | |
r-devel-linux-x86_64-debian-gcc | 1.1.0 | 3.37 | 28.74 | 32.11 | NOTE | |
r-devel-linux-x86_64-fedora-clang | 1.1.0 | 68.40 | OK | |||
r-devel-linux-x86_64-fedora-gcc | 1.1.0 | 63.49 | OK | |||
r-devel-windows-x86_64 | 1.1.0 | 6.00 | 55.00 | 61.00 | OK | |
r-patched-linux-x86_64 | 1.1.0 | 4.36 | 35.36 | 39.72 | OK | |
r-release-linux-x86_64 | 1.1.0 | 4.29 | 35.31 | 39.60 | OK | |
r-release-macos-arm64 | 1.1.0 | 34.00 | OK | |||
r-release-macos-x86_64 | 1.1.0 | 43.00 | OK | |||
r-release-windows-x86_64 | 1.1.0 | 6.00 | 55.00 | 61.00 | OK | |
r-oldrel-macos-arm64 | 1.1.0 | 22.00 | NOTE | |||
r-oldrel-macos-x86_64 | 1.1.0 | 33.00 | NOTE | |||
r-oldrel-windows-x86_64 | 1.1.0 | 7.00 | 64.00 | 71.00 | NOTE |
Version: 1.1.0
Check: CRAN incoming feasibility
Result: NOTE
Maintainer: ‘Gábor Csárdi <csardi.gabor@gmail.com>’
No Authors@R field in DESCRIPTION.
Please add one, modifying
Authors@R: person(given = "Gábor",
family = "Csárdi",
role = c("aut", "cre"),
email = "csardi.gabor@gmail.com")
as necessary.
Flavors: r-devel-linux-x86_64-debian-clang, r-devel-linux-x86_64-debian-gcc
Version: 1.1.0
Check: LazyData
Result: NOTE
'LazyData' is specified without a 'data' directory
Flavors: r-oldrel-macos-arm64, r-oldrel-macos-x86_64, r-oldrel-windows-x86_64