Last updated on 2025-11-02 23:49:42 CET.
| Flavor | Version | Tinstall | Tcheck | Ttotal | Status | Flags |
|---|---|---|---|---|---|---|
| r-devel-linux-x86_64-debian-clang | 0.4.0 | 2.11 | 37.89 | 40.00 | NOTE | |
| r-devel-linux-x86_64-debian-gcc | 0.4.0 | 1.76 | 27.65 | 29.41 | NOTE | |
| r-devel-linux-x86_64-fedora-clang | 0.4.0 | 12.00 | 53.60 | 65.60 | OK | |
| r-devel-linux-x86_64-fedora-gcc | 0.4.0 | 74.29 | OK | |||
| r-devel-windows-x86_64 | 0.4.0 | 3.00 | 55.00 | 58.00 | OK | |
| r-patched-linux-x86_64 | 0.4.0 | 2.64 | 35.31 | 37.95 | OK | |
| r-release-linux-x86_64 | 0.4.0 | 2.20 | 35.22 | 37.42 | OK | |
| r-release-macos-arm64 | 0.4.0 | 1.00 | 24.00 | 25.00 | OK | |
| r-release-macos-x86_64 | 0.4.0 | 2.00 | 51.00 | 53.00 | OK | |
| r-release-windows-x86_64 | 0.4.0 | 3.00 | 52.00 | 55.00 | OK | |
| r-oldrel-macos-arm64 | 0.4.0 | 1.00 | 23.00 | 24.00 | OK | |
| r-oldrel-macos-x86_64 | 0.4.0 | 2.00 | 37.00 | 39.00 | OK | |
| r-oldrel-windows-x86_64 | 0.4.0 | 4.00 | 64.00 | 68.00 | OK |
Version: 0.4.0
Check: CRAN incoming feasibility
Result: NOTE
Maintainer: ‘Patrick Roocks <mail@p-roocks.de>’
No Authors@R field in DESCRIPTION.
Please add one, modifying
Authors@R: person(given = "Patrick",
family = "Roocks",
role = c("aut", "cre"),
email = "mail@p-roocks.de")
as necessary.
Flavors: r-devel-linux-x86_64-debian-clang, r-devel-linux-x86_64-debian-gcc