CRAN Package Check Results for Package listarrays

Last updated on 2023-12-08 20:55:13 CET.

Flavor Version Tinstall Tcheck Ttotal Status Flags
r-devel-linux-x86_64-debian-clang 0.3.1 1.95 34.41 36.36 NOTE
r-devel-linux-x86_64-debian-gcc 0.3.1 2.05 27.16 29.21 NOTE
r-devel-linux-x86_64-fedora-clang 0.3.1 47.48 NOTE
r-devel-linux-x86_64-fedora-gcc 0.3.1 45.62 NOTE
r-devel-windows-x86_64 0.3.1 4.00 51.00 55.00 NOTE
r-patched-linux-x86_64 0.3.1 3.39 34.63 38.02 NOTE
r-release-linux-x86_64 0.3.1 3.03 34.62 37.65 NOTE
r-release-macos-arm64 0.3.1 20.00 NOTE
r-release-macos-x86_64 0.3.1 28.00 NOTE
r-release-windows-x86_64 0.3.1 5.00 52.00 57.00 NOTE
r-oldrel-macos-arm64 0.3.1 20.00 NOTE
r-oldrel-macos-x86_64 0.3.1 25.00 NOTE
r-oldrel-windows-x86_64 0.3.1 5.00 52.00 57.00 NOTE

Check Details

Version: 0.3.1
Check: LazyData
Result: NOTE 'LazyData' is specified without a 'data' directory Flavors: r-devel-linux-x86_64-debian-clang, r-devel-linux-x86_64-debian-gcc, r-devel-linux-x86_64-fedora-clang, r-devel-linux-x86_64-fedora-gcc, r-devel-windows-x86_64, r-patched-linux-x86_64, r-release-linux-x86_64, r-release-macos-arm64, r-release-macos-x86_64, r-release-windows-x86_64, r-oldrel-macos-arm64, r-oldrel-macos-x86_64, r-oldrel-windows-x86_64

Version: 0.3.1
Check: Rd cross-references
Result: NOTE Undeclared package ‘keras’ in Rd xrefs Flavor: r-devel-linux-x86_64-fedora-clang