Last updated on 2025-11-23 20:48:53 CET.
| Flavor | Version | Tinstall | Tcheck | Ttotal | Status | Flags |
|---|---|---|---|---|---|---|
| r-devel-linux-x86_64-debian-clang | 2.0.1 | 2.82 | 24.84 | 27.66 | NOTE | |
| r-devel-linux-x86_64-debian-gcc | 2.0.1 | 2.14 | 19.71 | 21.85 | NOTE | |
| r-devel-linux-x86_64-fedora-clang | 2.0.1 | 42.09 | OK | |||
| r-devel-linux-x86_64-fedora-gcc | 2.0.1 | 38.76 | OK | |||
| r-devel-windows-x86_64 | 2.0.1 | 4.00 | 42.00 | 46.00 | OK | |
| r-patched-linux-x86_64 | 2.0.1 | 3.00 | 23.16 | 26.16 | OK | |
| r-release-linux-x86_64 | 2.0.1 | 2.52 | 22.90 | 25.42 | OK | |
| r-release-macos-arm64 | 2.0.1 | OK | ||||
| r-release-macos-x86_64 | 2.0.1 | 3.00 | 32.00 | 35.00 | OK | |
| r-release-windows-x86_64 | 2.0.1 | 4.00 | 50.00 | 54.00 | OK | |
| r-oldrel-macos-arm64 | 2.0.1 | OK | ||||
| r-oldrel-macos-x86_64 | 2.0.1 | 2.00 | 21.00 | 23.00 | OK | |
| r-oldrel-windows-x86_64 | 2.0.1 | 4.00 | 47.00 | 51.00 | OK |
Version: 2.0.1
Check: CRAN incoming feasibility
Result: NOTE
Maintainer: ‘Mauro Sereno <mauro.sereno@unibo.it>’
No Authors@R field in DESCRIPTION.
Please add one, modifying
Authors@R: person(given = "Mauro",
family = "Sereno",
role = c("aut", "cre"),
email = "mauro.sereno@unibo.it")
as necessary.
Flavors: r-devel-linux-x86_64-debian-clang, r-devel-linux-x86_64-debian-gcc