Last updated on 2025-11-14 19:49:55 CET.
| Flavor | Version | Tinstall | Tcheck | Ttotal | Status | Flags |
|---|---|---|---|---|---|---|
| r-devel-linux-x86_64-debian-clang | 0.0.2 | 3.64 | 51.27 | 54.91 | OK | |
| r-devel-linux-x86_64-debian-gcc | 0.0.2 | 2.49 | 41.61 | 44.10 | OK | |
| r-devel-linux-x86_64-fedora-clang | 0.0.2 | 15.00 | 74.18 | 89.18 | NOTE | |
| r-devel-linux-x86_64-fedora-gcc | 0.0.2 | 96.23 | NOTE | |||
| r-devel-windows-x86_64 | 0.0.2 | 7.00 | 68.00 | 75.00 | OK | |
| r-patched-linux-x86_64 | 0.0.2 | 3.72 | 48.57 | 52.29 | OK | |
| r-release-linux-x86_64 | 0.0.2 | 3.58 | 48.88 | 52.46 | OK | |
| r-release-macos-arm64 | 0.0.2 | 3.00 | 62.00 | 65.00 | OK | |
| r-release-macos-x86_64 | 0.0.2 | 4.00 | 71.00 | 75.00 | OK | |
| r-release-windows-x86_64 | 0.0.2 | 6.00 | 69.00 | 75.00 | OK | |
| r-oldrel-macos-arm64 | 0.0.2 | 2.00 | 34.00 | 36.00 | NOTE | |
| r-oldrel-macos-x86_64 | 0.0.2 | 3.00 | 50.00 | 53.00 | NOTE | |
| r-oldrel-windows-x86_64 | 0.0.2 | 7.00 | 81.00 | 88.00 | NOTE |
Version: 0.0.2
Check: dependencies in R code
Result: NOTE
Namespace in Imports field not imported from: ‘R6’
All declared Imports should be used.
Flavors: r-devel-linux-x86_64-fedora-clang, r-devel-linux-x86_64-fedora-gcc
Version: 0.0.2
Check: LazyData
Result: NOTE
'LazyData' is specified without a 'data' directory
Flavors: r-oldrel-macos-arm64, r-oldrel-macos-x86_64, r-oldrel-windows-x86_64