Last updated on 2024-04-23 20:52:08 CEST.
Flavor | Version | Tinstall | Tcheck | Ttotal | Status | Flags |
---|---|---|---|---|---|---|
r-devel-linux-x86_64-debian-clang | 1.1.17 | 9.88 | 90.92 | 100.80 | OK | |
r-devel-linux-x86_64-debian-gcc | 1.1.17 | 7.29 | 71.55 | 78.84 | OK | |
r-devel-linux-x86_64-fedora-clang | 1.1.17 | 129.83 | NOTE | |||
r-devel-linux-x86_64-fedora-gcc | 1.1.17 | 136.75 | NOTE | |||
r-prerel-macos-arm64 | 1.1.17 | 53.00 | OK | |||
r-prerel-macos-x86_64 | 1.1.17 | 108.00 | OK | |||
r-prerel-windows-x86_64 | 1.1.17 | 11.00 | 113.00 | 124.00 | OK | |
r-patched-linux-x86_64 | 1.1.17 | 13.39 | 90.18 | 103.57 | OK | |
r-release-linux-x86_64 | 1.1.17 | 8.70 | 87.38 | 96.08 | OK | |
r-release-macos-arm64 | 1.1.17 | 62.00 | OK | |||
r-release-macos-x86_64 | 1.1.17 | 111.00 | OK | |||
r-release-windows-x86_64 | 1.1.17 | 11.00 | 125.00 | 136.00 | OK | |
r-oldrel-macos-arm64 | 1.1.17 | 53.00 | OK | |||
r-oldrel-windows-x86_64 | 1.1.17 | 12.00 | 127.00 | 139.00 | OK |
Version: 1.1.17
Check: Rd cross-references
Result: NOTE
Undeclared package ‘magrittr’ in Rd xrefs
Flavor: r-devel-linux-x86_64-fedora-clang
Version: 1.1.17
Check: data for non-ASCII characters
Result: NOTE
Note: found 60798 marked UTF-8 strings
Flavors: r-devel-linux-x86_64-fedora-clang, r-devel-linux-x86_64-fedora-gcc