Last updated on 2024-04-23 20:52:08 CEST.
Flavor | Version | Tinstall | Tcheck | Ttotal | Status | Flags |
---|---|---|---|---|---|---|
r-devel-linux-x86_64-debian-clang | 4.1.1 | 159.63 | 536.75 | 696.38 | NOTE | |
r-devel-linux-x86_64-debian-gcc | 4.1.1 | 130.53 | 379.26 | 509.79 | NOTE | |
r-devel-linux-x86_64-fedora-clang | 4.1.1 | 978.08 | NOTE | |||
r-devel-linux-x86_64-fedora-gcc | 4.1.1 | 914.57 | NOTE | |||
r-prerel-macos-arm64 | 4.1.1 | 203.00 | NOTE | |||
r-prerel-macos-x86_64 | 4.1.1 | 499.00 | NOTE | |||
r-prerel-windows-x86_64 | 4.1.1 | 135.00 | 372.00 | 507.00 | NOTE | |
r-patched-linux-x86_64 | 4.1.1 | 179.75 | 514.11 | 693.86 | OK | |
r-release-linux-x86_64 | 4.1.1 | 161.81 | 501.87 | 663.68 | OK | |
r-release-macos-arm64 | 4.1.1 | 214.00 | NOTE | |||
r-release-macos-x86_64 | 4.1.1 | 464.00 | NOTE | |||
r-release-windows-x86_64 | 4.1.1 | 170.00 | 513.00 | 683.00 | NOTE | |
r-oldrel-macos-arm64 | 4.1.1 | 208.00 | NOTE | |||
r-oldrel-windows-x86_64 | 4.1.1 | 159.00 | 467.00 | 626.00 | NOTE |
Version: 4.1.1
Check: compiled code
Result: NOTE
File ‘lidR/libs/lidR.so’:
Found non-API calls to R: ‘R_curErrorBuf’, ‘SETLENGTH’
Compiled code should not call non-API entry points in R.
See ‘Writing portable packages’ in the ‘Writing R Extensions’ manual.
Flavors: r-devel-linux-x86_64-debian-clang, r-devel-linux-x86_64-debian-gcc, r-devel-linux-x86_64-fedora-clang, r-devel-linux-x86_64-fedora-gcc
Version: 4.1.1
Check: installed package size
Result: NOTE
installed size is 12.8Mb
sub-directories of 1Mb or more:
R 1.1Mb
doc 1.0Mb
extdata 1.2Mb
libs 9.0Mb
Flavors: r-prerel-macos-arm64, r-prerel-macos-x86_64, r-prerel-windows-x86_64, r-release-macos-arm64, r-release-macos-x86_64, r-release-windows-x86_64, r-oldrel-macos-arm64, r-oldrel-windows-x86_64