Last updated on 2023-01-30 20:55:49 CET.
Flavor | Version | Tinstall | Tcheck | Ttotal | Status | Flags |
---|---|---|---|---|---|---|
r-devel-linux-x86_64-debian-clang | 1.0.5 | 35.34 | 348.27 | 383.61 | OK | |
r-devel-linux-x86_64-debian-gcc | 1.0.5 | 31.73 | 253.49 | 285.22 | OK | |
r-devel-linux-x86_64-fedora-clang | 1.0.5 | 482.48 | OK | |||
r-devel-linux-x86_64-fedora-gcc | 1.0.5 | 513.85 | OK | |||
r-devel-windows-x86_64 | 1.0.5 | 47.00 | 358.00 | 405.00 | OK | |
r-patched-linux-x86_64 | 1.0.5 | 32.12 | 325.35 | 357.47 | OK | |
r-release-linux-x86_64 | 1.0.5 | 35.30 | 326.42 | 361.72 | OK | |
r-release-macos-arm64 | 1.0.5 | 179.00 | OK | |||
r-release-macos-x86_64 | 1.0.5 | 222.00 | OK | |||
r-release-windows-x86_64 | 1.0.5 | 15.00 | 10.00 | 25.00 | ERROR | |
r-oldrel-macos-arm64 | 1.0.5 | 187.00 | OK | |||
r-oldrel-macos-x86_64 | 1.0.5 | 205.00 | OK | |||
r-oldrel-windows-ix86+x86_64 | 1.0.5 | 75.00 | 368.00 | 443.00 | OK |
Version: 1.0.5
Check: whether package can be installed
Result: ERROR
Installation failed.
Flavor: r-release-windows-x86_64