CRAN Package Check Results for Package lhs

Last updated on 2022-11-29 20:53:04 CET.

Flavor Version Tinstall Tcheck Ttotal Status Flags
r-devel-linux-x86_64-debian-clang 1.1.5 182.40 86.62 269.02 WARN
r-devel-linux-x86_64-debian-gcc 1.1.5 121.18 66.11 187.29 WARN
r-devel-linux-x86_64-fedora-clang 1.1.5 416.60 WARN
r-devel-linux-x86_64-fedora-gcc 1.1.5 356.33 WARN
r-devel-windows-x86_64 1.1.5 136.00 153.00 289.00 OK
r-patched-linux-x86_64 1.1.5 149.99 81.76 231.75 OK
r-release-linux-x86_64 1.1.5 137.66 78.18 215.84 OK
r-release-macos-arm64 1.1.5 102.00 OK
r-release-macos-x86_64 1.1.5 123.00 OK
r-release-windows-x86_64 1.1.5 141.00 151.00 292.00 OK
r-oldrel-macos-arm64 1.1.5 127.00 OK
r-oldrel-macos-x86_64 1.1.5 152.00 OK
r-oldrel-windows-ix86+x86_64 1.1.5 421.00 173.00 594.00 OK

Check Details

Version: 1.1.5
Check: whether package can be installed
Result: WARN
    Found the following significant warnings:
     init.c:14:33: warning: a function declaration without a prototype is deprecated in all versions of C [-Wstrict-prototypes]
Flavors: r-devel-linux-x86_64-debian-clang, r-devel-linux-x86_64-fedora-clang

Version: 1.1.5
Check: whether package can be installed
Result: WARN
    Found the following significant warnings:
     init.c:14:1: warning: function declaration isn’t a prototype [-Wstrict-prototypes]
Flavors: r-devel-linux-x86_64-debian-gcc, r-devel-linux-x86_64-fedora-gcc