Last updated on 2024-04-18 21:56:55 CEST.
Flavor | Version | Tinstall | Tcheck | Ttotal | Status | Flags |
---|---|---|---|---|---|---|
r-devel-linux-x86_64-debian-clang | 1.1.6 | 187.60 | 99.53 | 287.13 | NOTE | |
r-devel-linux-x86_64-debian-gcc | 1.1.6 | 123.59 | 75.37 | 198.96 | NOTE | |
r-devel-linux-x86_64-fedora-clang | 1.1.6 | 438.29 | NOTE | |||
r-devel-linux-x86_64-fedora-gcc | 1.1.6 | 403.12 | NOTE | |||
r-prerel-macos-arm64 | 1.1.6 | 111.00 | NOTE | |||
r-prerel-windows-x86_64 | 1.1.6 | 137.00 | 106.00 | 243.00 | NOTE | |
r-patched-linux-x86_64 | 1.1.6 | 173.03 | 94.17 | 267.20 | NOTE | |
r-release-linux-x86_64 | 1.1.6 | 182.65 | 94.13 | 276.78 | NOTE | |
r-release-macos-arm64 | 1.1.6 | 132.00 | NOTE | |||
r-release-macos-x86_64 | 1.1.6 | 198.00 | NOTE | |||
r-release-windows-x86_64 | 1.1.6 | 151.00 | 141.00 | 292.00 | NOTE | |
r-oldrel-macos-arm64 | 1.1.6 | 121.00 | OK | |||
r-oldrel-windows-x86_64 | 1.1.6 | 169.00 | 138.00 | 307.00 | OK |
Version: 1.1.6
Check: C++ specification
Result: NOTE
Specified C++11: please drop specification unless essential
Flavors: r-devel-linux-x86_64-debian-clang, r-devel-linux-x86_64-debian-gcc, r-devel-linux-x86_64-fedora-clang, r-devel-linux-x86_64-fedora-gcc, r-prerel-macos-arm64, r-prerel-windows-x86_64, r-patched-linux-x86_64, r-release-linux-x86_64, r-release-macos-arm64, r-release-macos-x86_64, r-release-windows-x86_64