Last updated on 2023-11-27 19:52:43 CET.
Flavor | Version | Tinstall | Tcheck | Ttotal | Status | Flags |
---|---|---|---|---|---|---|
r-devel-linux-x86_64-debian-clang | 1.1.6 | 182.90 | 90.63 | 273.53 | NOTE | |
r-devel-linux-x86_64-debian-gcc | 1.1.6 | 120.91 | 69.26 | 190.17 | NOTE | |
r-devel-linux-x86_64-fedora-clang | 1.1.6 | 433.51 | NOTE | |||
r-devel-linux-x86_64-fedora-gcc | 1.1.6 | 389.55 | NOTE | |||
r-devel-windows-x86_64 | 1.1.6 | 119.00 | 126.00 | 245.00 | NOTE | |
r-patched-linux-x86_64 | 1.1.6 | 148.40 | 86.04 | 234.44 | NOTE | |
r-release-linux-x86_64 | 1.1.6 | 147.56 | 86.20 | 233.76 | NOTE | |
r-release-macos-arm64 | 1.1.6 | 132.00 | NOTE | |||
r-release-macos-x86_64 | 1.1.6 | 198.00 | NOTE | |||
r-release-windows-x86_64 | 1.1.6 | 134.00 | 130.00 | 264.00 | NOTE | |
r-oldrel-macos-arm64 | 1.1.6 | 121.00 | OK | |||
r-oldrel-macos-x86_64 | 1.1.6 | 157.00 | OK | |||
r-oldrel-windows-x86_64 | 1.1.6 | 184.00 | 131.00 | 315.00 | OK |
Version: 1.1.6
Check: C++ specification
Result: NOTE
Specified C++11: please drop specification unless essential
Flavors: r-devel-linux-x86_64-debian-clang, r-devel-linux-x86_64-debian-gcc, r-devel-linux-x86_64-fedora-clang, r-devel-linux-x86_64-fedora-gcc, r-devel-windows-x86_64, r-patched-linux-x86_64, r-release-linux-x86_64, r-release-macos-arm64, r-release-macos-x86_64, r-release-windows-x86_64