CRAN Package Check Results for Package lfstat

Last updated on 2024-06-12 20:59:01 CEST.

Flavor Version Tinstall Tcheck Ttotal Status Flags
r-devel-linux-x86_64-debian-clang 0.9.12 11.56 133.36 144.92 NOTE
r-devel-linux-x86_64-debian-gcc 0.9.12 6.42 69.89 76.31 ERROR
r-devel-linux-x86_64-fedora-clang 0.9.12 173.77 NOTE
r-devel-linux-x86_64-fedora-gcc 0.9.12 171.04 NOTE
r-devel-windows-x86_64 0.9.12 11.00 132.00 143.00 NOTE
r-patched-linux-x86_64 0.9.12 15.41 125.77 141.18 NOTE
r-release-linux-x86_64 0.9.12 11.92 127.95 139.87 NOTE
r-release-macos-arm64 0.9.12 49.00 NOTE
r-release-macos-x86_64 0.9.12 81.00 NOTE
r-release-windows-x86_64 0.9.12 10.00 134.00 144.00 NOTE
r-oldrel-macos-arm64 0.9.12 56.00 OK
r-oldrel-macos-x86_64 0.9.12 87.00 OK
r-oldrel-windows-x86_64 0.9.12 14.00 156.00 170.00 OK

Check Details

Version: 0.9.12
Check: Rd files
Result: NOTE checkRd: (-1) flowunit.Rd:30: Lost braces; missing escapes or markup? 30 | Usually flow units are of dimension $L^3 T^{-1}$. Currently a length $l$ can be on of \code{c("metre", "cm", "centimetre" "litre")}, whereas time $T$ can be one in \code{c("days", "hours", "mins", "secs")}, possibly abbreviated. The numerator of the fraction (everything before the literal \code{"/"}) is interpreted as the length (superscripts like \code{"^3"} are discarded), the denominator as time. E.g. valid units would be \code{"cm^3/s"}, \code{"m^3/day"} or \code{"litre/sec"}. | ^ checkRd: (-1) seasindex.Rd:30: Lost braces 30 | Laaha, G. and Bl{\"o}schl, G. (2006), Seasonality indices for regionalizing | ^ checkRd: (-1) seasindex.Rd:34: Lost braces 34 | Mitteilungen, Inst. f{\"u}r Wasserbau u. Ingenieurhydrologie, | ^ checkRd: (-1) seasratio.Rd:31: Lost braces 31 | Laaha, G. and Bl{\"o}schl, G. (2006), Seasonality indices for regionalizing low flows. Hydrol. Process., 20 | ^ Flavors: r-devel-linux-x86_64-debian-clang, r-devel-linux-x86_64-debian-gcc, r-devel-linux-x86_64-fedora-clang, r-devel-linux-x86_64-fedora-gcc, r-devel-windows-x86_64, r-patched-linux-x86_64, r-release-linux-x86_64, r-release-macos-arm64, r-release-macos-x86_64, r-release-windows-x86_64

Version: 0.9.12
Check: package dependencies
Result: NOTE Package suggested but not available for checking: ‘testthat’ Flavor: r-devel-linux-x86_64-debian-gcc

Version: 0.9.12
Check: tests
Result: ERROR Running ‘testthat.R’ [0s/0s] Running the tests in ‘tests/testthat.R’ failed. Complete output: > library(testthat) Error in library(testthat) : there is no package called 'testthat' Execution halted Flavor: r-devel-linux-x86_64-debian-gcc