Last updated on 2024-03-28 19:48:35 CET.
Flavor | Version | Tinstall | Tcheck | Ttotal | Status | Flags |
---|---|---|---|---|---|---|
r-devel-linux-x86_64-debian-clang | 2.2.0 | 77.61 | 145.44 | 223.05 | NOTE | |
r-devel-linux-x86_64-debian-gcc | 2.2.0 | 60.48 | 108.04 | 168.52 | NOTE | |
r-devel-linux-x86_64-fedora-clang | 2.2.0 | 315.43 | NOTE | |||
r-devel-linux-x86_64-fedora-gcc | 2.2.0 | 315.03 | NOTE | |||
r-devel-windows-x86_64 | 2.2.0 | 62.00 | 157.00 | 219.00 | NOTE | |
r-patched-linux-x86_64 | 2.2.0 | 70.97 | 139.55 | 210.52 | NOTE | |
r-release-linux-x86_64 | 2.2.0 | 54.74 | 138.57 | 193.31 | NOTE | |
r-release-macos-arm64 | 2.2.0 | 88.00 | NOTE | |||
r-release-macos-x86_64 | 2.2.0 | 135.00 | NOTE | |||
r-release-windows-x86_64 | 2.2.0 | 80.00 | 184.00 | 264.00 | NOTE | |
r-oldrel-macos-arm64 | 2.2.0 | 78.00 | OK | |||
r-oldrel-windows-x86_64 | 2.2.0 | 83.00 | 170.00 | 253.00 | NOTE |
Version: 2.2.0
Check: C++ specification
Result: NOTE
Specified C++11: please drop specification unless essential
Flavors: r-devel-linux-x86_64-debian-clang, r-devel-linux-x86_64-debian-gcc, r-devel-linux-x86_64-fedora-clang, r-devel-linux-x86_64-fedora-gcc, r-devel-windows-x86_64, r-patched-linux-x86_64, r-release-linux-x86_64, r-release-macos-arm64, r-release-macos-x86_64, r-release-windows-x86_64
Version: 2.2.0
Check: package dependencies
Result: NOTE
Package suggested but not available for checking: 'doMC'
Flavors: r-devel-windows-x86_64, r-release-windows-x86_64, r-oldrel-windows-x86_64