Last updated on 2025-11-24 19:51:13 CET.
| Flavor | Version | Tinstall | Tcheck | Ttotal | Status | Flags |
|---|---|---|---|---|---|---|
| r-devel-linux-x86_64-debian-clang | 4.4.5 | 40.56 | 230.09 | 270.65 | OK | |
| r-devel-linux-x86_64-debian-gcc | 4.4.5 | 27.10 | 149.14 | 176.24 | OK | |
| r-devel-linux-x86_64-fedora-clang | 4.4.5 | 86.00 | 348.12 | 434.12 | OK | |
| r-devel-linux-x86_64-fedora-gcc | 4.4.5 | 84.00 | 337.62 | 421.62 | OK | |
| r-devel-windows-x86_64 | 4.4.5 | 54.00 | 229.00 | 283.00 | NOTE | |
| r-patched-linux-x86_64 | 4.4.5 | 42.18 | 213.10 | 255.28 | OK | |
| r-release-linux-x86_64 | 4.4.5 | 39.36 | 212.10 | 251.46 | OK | |
| r-release-macos-arm64 | 4.4.5 | OK | ||||
| r-release-macos-x86_64 | 4.4.5 | 40.00 | 168.00 | 208.00 | OK | |
| r-release-windows-x86_64 | 4.4.5 | 43.00 | 224.00 | 267.00 | OK | |
| r-oldrel-macos-arm64 | 4.4.5 | OK | ||||
| r-oldrel-macos-x86_64 | 4.4.5 | 40.00 | 189.00 | 229.00 | OK | |
| r-oldrel-windows-x86_64 | 4.4.5 | 58.00 | 274.00 | 332.00 | OK |
Version: 4.4.5
Check: Rd files
Result: NOTE
checkRd: (-1) BarChart.Rd:411-424: Only 2 columns allowed in this table (row 11 has 1)
checkRd: (-1) Plot.Rd:932-937: Only 3 columns allowed in this table (row 3 has 2)
Flavor: r-devel-windows-x86_64