Last updated on 2024-03-28 19:48:35 CET.
Flavor | Version | Tinstall | Tcheck | Ttotal | Status | Flags |
---|---|---|---|---|---|---|
r-devel-linux-x86_64-debian-clang | 0.1.0 | 30.17 | 150.84 | 181.01 | OK | |
r-devel-linux-x86_64-debian-gcc | 0.1.0 | 27.93 | 114.10 | 142.03 | OK | |
r-devel-linux-x86_64-fedora-clang | 0.1.0 | 231.92 | NOTE | |||
r-devel-linux-x86_64-fedora-gcc | 0.1.0 | 231.69 | NOTE | |||
r-devel-windows-x86_64 | 0.1.0 | 28.00 | 128.00 | 156.00 | OK | |
r-patched-linux-x86_64 | 0.1.0 | 24.97 | 148.67 | 173.64 | OK | |
r-release-linux-x86_64 | 0.1.0 | 23.82 | 147.14 | 170.96 | OK | |
r-release-macos-arm64 | 0.1.0 | 68.00 | OK | |||
r-release-macos-x86_64 | 0.1.0 | 113.00 | OK | |||
r-release-windows-x86_64 | 0.1.0 | 40.00 | 157.00 | 197.00 | OK | |
r-oldrel-macos-arm64 | 0.1.0 | 57.00 | NOTE | |||
r-oldrel-windows-x86_64 | 0.1.0 | 41.00 | 153.00 | 194.00 | OK |
Version: 0.1.0
Check: dependencies in R code
Result: NOTE
Namespace in Imports field not imported from: ‘R6’
All declared Imports should be used.
Flavors: r-devel-linux-x86_64-fedora-clang, r-devel-linux-x86_64-fedora-gcc, r-oldrel-macos-arm64