Last updated on 2023-11-27 19:52:43 CET.
Flavor | Version | Tinstall | Tcheck | Ttotal | Status | Flags |
---|---|---|---|---|---|---|
r-devel-linux-x86_64-debian-clang | 0.4.3.1 | 11.83 | 133.50 | 145.33 | OK | |
r-devel-linux-x86_64-debian-gcc | 0.4.3.1 | 9.57 | 101.53 | 111.10 | OK | |
r-devel-linux-x86_64-fedora-clang | 0.4.3.1 | 187.81 | NOTE | |||
r-devel-linux-x86_64-fedora-gcc | 0.4.3.1 | 192.99 | OK | |||
r-devel-windows-x86_64 | 0.4.3.1 | 86.00 | 630.00 | 716.00 | NOTE | |
r-patched-linux-x86_64 | 0.4.3.1 | 9.39 | 132.66 | 142.05 | OK | |
r-release-linux-x86_64 | 0.4.3.1 | 9.62 | 130.13 | 139.75 | OK | |
r-release-macos-arm64 | 0.4.3.1 | 66.00 | NOTE | |||
r-release-macos-x86_64 | 0.4.3.1 | 214.00 | NOTE | |||
r-release-windows-x86_64 | 0.4.3.1 | 52.00 | 397.00 | 449.00 | NOTE | |
r-oldrel-macos-arm64 | 0.4.3.1 | 69.00 | NOTE | |||
r-oldrel-macos-x86_64 | 0.4.3 | 86.00 | NOTE | |||
r-oldrel-windows-x86_64 | 0.4.3.1 | 51.00 | 481.00 | 532.00 | NOTE |
Version: 0.4.3.1
Check: installed package size
Result: NOTE
installed size is 5.5Mb
sub-directories of 1Mb or more:
doc 5.3Mb
Flavors: r-devel-linux-x86_64-fedora-clang, r-devel-windows-x86_64, r-release-macos-arm64, r-release-macos-x86_64, r-release-windows-x86_64, r-oldrel-macos-arm64, r-oldrel-windows-x86_64
Version: 0.4.3
Check: installed package size
Result: NOTE
installed size is 6.0Mb
sub-directories of 1Mb or more:
doc 5.8Mb
Flavor: r-oldrel-macos-x86_64