Last updated on 2023-01-27 20:49:15 CET.
Flavor | Version | Tinstall | Tcheck | Ttotal | Status | Flags |
---|---|---|---|---|---|---|
r-devel-linux-x86_64-debian-clang | 0.4.3 | 13.67 | 138.36 | 152.03 | OK | |
r-devel-linux-x86_64-debian-gcc | 0.4.3 | 10.22 | 104.45 | 114.67 | OK | |
r-devel-linux-x86_64-fedora-clang | 0.4.3 | 199.25 | NOTE | |||
r-devel-linux-x86_64-fedora-gcc | 0.4.3 | 204.13 | OK | |||
r-devel-windows-x86_64 | 0.4.3 | 1577.00 | 805.00 | 2382.00 | NOTE | |
r-patched-linux-x86_64 | 0.4.3 | 11.35 | 135.50 | 146.85 | OK | |
r-release-linux-x86_64 | 0.4.3 | 12.65 | 119.77 | 132.42 | OK | |
r-release-macos-arm64 | 0.4.3 | 58.00 | NOTE | |||
r-release-macos-x86_64 | 0.4.3 | 86.00 | NOTE | |||
r-release-windows-x86_64 | 0.4.3 | 1954.00 | 815.00 | 2769.00 | NOTE | |
r-oldrel-macos-arm64 | 0.4.3 | 64.00 | NOTE | |||
r-oldrel-macos-x86_64 | 0.4.3 | 94.00 | NOTE | |||
r-oldrel-windows-ix86+x86_64 | 0.4.3 | 107.00 | 491.00 | 598.00 | NOTE |
Version: 0.4.3
Check: installed package size
Result: NOTE
installed size is 6.1Mb
sub-directories of 1Mb or more:
doc 5.9Mb
Flavors: r-devel-linux-x86_64-fedora-clang, r-devel-windows-x86_64, r-release-macos-arm64, r-release-macos-x86_64, r-release-windows-x86_64, r-oldrel-macos-arm64, r-oldrel-macos-x86_64, r-oldrel-windows-ix86+x86_64