Last updated on 2024-03-27 19:56:55 CET.
Flavor | Version | Tinstall | Tcheck | Ttotal | Status | Flags |
---|---|---|---|---|---|---|
r-devel-linux-x86_64-debian-clang | 0.4.3.1 | 12.04 | 135.60 | 147.64 | OK | |
r-devel-linux-x86_64-debian-gcc | 0.4.3.1 | 10.07 | 102.55 | 112.62 | OK | |
r-devel-linux-x86_64-fedora-clang | 0.4.3.1 | 198.84 | NOTE | |||
r-devel-linux-x86_64-fedora-gcc | 0.4.3.1 | 206.75 | OK | |||
r-devel-windows-x86_64 | 0.4.3.1 | 86.00 | 640.00 | 726.00 | NOTE | |
r-patched-linux-x86_64 | 0.4.3.1 | 11.89 | 134.61 | 146.50 | OK | |
r-release-linux-x86_64 | 0.4.3.1 | 11.34 | 133.19 | 144.53 | OK | |
r-release-macos-arm64 | 0.4.3.1 | 66.00 | NOTE | |||
r-release-macos-x86_64 | 0.4.3.1 | 214.00 | NOTE | |||
r-release-windows-x86_64 | 0.4.3.1 | 55.00 | 375.00 | 430.00 | NOTE | |
r-oldrel-macos-arm64 | 0.4.3.1 | 69.00 | NOTE | |||
r-oldrel-windows-x86_64 | 0.4.3.1 | 49.00 | 486.00 | 535.00 | NOTE |
Version: 0.4.3.1
Check: installed package size
Result: NOTE
installed size is 5.5Mb
sub-directories of 1Mb or more:
doc 5.3Mb
Flavors: r-devel-linux-x86_64-fedora-clang, r-devel-windows-x86_64, r-release-macos-arm64, r-release-macos-x86_64, r-release-windows-x86_64, r-oldrel-macos-arm64, r-oldrel-windows-x86_64