CRAN Package Check Results for Package learnr

Last updated on 2022-12-02 20:53:18 CET.

Flavor Version Tinstall Tcheck Ttotal Status Flags
r-devel-linux-x86_64-debian-clang 0.11.2 11.60 145.28 156.88 OK
r-devel-linux-x86_64-debian-gcc 0.11.2 8.48 108.95 117.43 OK
r-devel-linux-x86_64-fedora-clang 0.11.2 209.00 NOTE
r-devel-linux-x86_64-fedora-gcc 0.11.2 227.61 OK
r-devel-windows-x86_64 0.11.2 116.00 226.00 342.00 OK
r-patched-linux-x86_64 0.11.2 12.36 139.00 151.36 OK
r-release-linux-x86_64 0.11.2 9.97 137.20 147.17 OK
r-release-macos-arm64 0.11.2 71.00 OK
r-release-macos-x86_64 0.11.2 86.00 OK
r-release-windows-x86_64 0.11.2 142.00 227.00 369.00 OK
r-oldrel-macos-arm64 0.11.2 70.00 OK
r-oldrel-macos-x86_64 0.11.2 86.00 OK
r-oldrel-windows-ix86+x86_64 0.11.2 21.00 209.00 230.00 OK

Check Details

Version: 0.11.2
Check: Rd cross-references
Result: NOTE
    Undeclared packages ‘sortable’, ‘bslib’ in Rd xrefs
Flavor: r-devel-linux-x86_64-fedora-clang