Last updated on 2025-11-03 21:50:25 CET.
| Flavor | Version | Tinstall | Tcheck | Ttotal | Status | Flags | 
|---|---|---|---|---|---|---|
| r-devel-linux-x86_64-debian-clang | 1.1.0 | 11.66 | 75.79 | 87.45 | OK | |
| r-devel-linux-x86_64-debian-gcc | 1.1.0 | 9.11 | 50.89 | 60.00 | ERROR | |
| r-devel-linux-x86_64-fedora-clang | 1.1.0 | 55.00 | 79.45 | 134.45 | OK | |
| r-devel-linux-x86_64-fedora-gcc | 1.1.0 | 24.00 | 113.85 | 137.85 | OK | |
| r-devel-windows-x86_64 | 1.1.0 | 17.00 | 89.00 | 106.00 | OK | |
| r-patched-linux-x86_64 | 1.1.0 | 11.82 | 69.73 | 81.55 | OK | |
| r-release-linux-x86_64 | 1.1.0 | 12.67 | 70.32 | 82.99 | OK | |
| r-release-macos-arm64 | 1.1.0 | 9.00 | 76.00 | 85.00 | OK | |
| r-release-macos-x86_64 | 1.1.0 | 12.00 | 93.00 | 105.00 | OK | |
| r-release-windows-x86_64 | 1.1.0 | 14.00 | 90.00 | 104.00 | OK | |
| r-oldrel-macos-arm64 | 1.1.0 | 9.00 | 71.00 | 80.00 | OK | |
| r-oldrel-macos-x86_64 | 1.1.0 | 13.00 | 109.00 | 122.00 | OK | |
| r-oldrel-windows-x86_64 | 1.1.0 | 18.00 | 115.00 | 133.00 | OK | 
Version: 1.1.0
Check: tests
Result: ERROR
    Running ‘testthat.R’ [8s/19s]
  Running the tests in ‘tests/testthat.R’ failed.
  Complete output:
    > library(testthat)
    > library(learningtower)
    The learningtower package (version 1.1.0) provides data from OECD PISA database between 2000 - 2022. For package size reasons, only a small subset is provided in the package. Use the function `load_student()` to access the full data.
    > 
    > test_check("learningtower")
    Downloading year 2000...
    
    trying URL 'https://github.com/kevinwang09/learningtower/raw/master/student_full_data/student_2000.rds'
    Content type 'application/octet-stream' length 1493816 bytes (1.4 MB)
    ==================================================
    downloaded 1.4 MB
    
    Downloading year 2000...
    
    trying URL 'https://github.com/kevinwang09/learningtower/raw/master/student_full_data/student_2000.rds'
    Content type 'application/octet-stream' length 1493816 bytes (1.4 MB)
    ==================================================
    downloaded 1.4 MB
    
    Downloading year 2000...
    
    trying URL 'https://github.com/kevinwang09/learningtower/raw/master/student_full_data/student_2000.rds'
    Content type 'application/octet-stream' length 1493816 bytes (1.4 MB)
    ==================================================
    downloaded 1.4 MB
    
    Downloading year 2000...
    
    trying URL 'https://github.com/kevinwang09/learningtower/raw/master/student_full_data/student_2000.rds'
    Content type 'application/octet-stream' length 1493816 bytes (1.4 MB)
    ==================================================
    downloaded 1.4 MB
    
    Downloading year 2003...
    
    trying URL 'https://github.com/kevinwang09/learningtower/raw/master/student_full_data/student_2003.rds'
    Content type 'application/octet-stream' length 2532872 bytes (2.4 MB)
    ==================================================
    downloaded 2.4 MB
    
    Downloading year 2006...
    
    trying URL 'https://github.com/kevinwang09/learningtower/raw/master/student_full_data/student_2006.rds'
    Content type 'application/octet-stream' length 4350196 bytes (4.1 MB)
    ==================================================
    downloaded 4.1 MB
    
    Downloading year 2009...
    
    trying URL 'https://github.com/kevinwang09/learningtower/raw/master/student_full_data/student_2009.rds'
    Content type 'application/octet-stream' length 6047604 bytes (5.8 MB)
    ==================================================
    downloaded 5.8 MB
    
    Downloading year 2012...
    
    trying URL 'https://github.com/kevinwang09/learningtower/raw/master/student_full_data/student_2012.rds'
    Content type 'application/octet-stream' length 4996808 bytes (4.8 MB)
    ==================================================
    downloaded 4.8 MB
    
    Downloading year 2015...
    
    trying URL 'https://github.com/kevinwang09/learningtower/raw/master/student_full_data/student_2015.rds'
    Downloading year 2000...
    
    trying URL 'https://github.com/kevinwang09/learningtower/raw/master/student_full_data/student_2000.rds'
    Content type 'application/octet-stream' length 1493816 bytes (1.4 MB)
    ==================================================
    downloaded 1.4 MB
    
    Downloading year 2000...
    
    trying URL 'https://github.com/kevinwang09/learningtower/raw/master/student_full_data/student_2000.rds'
    Content type 'application/octet-stream' length 1493816 bytes (1.4 MB)
    ==================================================
    downloaded 1.4 MB
    
    Downloading year 2000...
    
    trying URL 'https://github.com/kevinwang09/learningtower/raw/master/student_full_data/student_2000.rds'
    Content type 'application/octet-stream' length 1493816 bytes (1.4 MB)
    ==================================================
    downloaded 1.4 MB
    
    Downloading year 2003...
    
    trying URL 'https://github.com/kevinwang09/learningtower/raw/master/student_full_data/student_2003.rds'
    Content type 'application/octet-stream' length 2532872 bytes (2.4 MB)
    ==================================================
    downloaded 2.4 MB
    
    Downloading year 2000...
    
    trying URL 'https://github.com/kevinwang09/learningtower/raw/master/student_full_data/student_2000.rds'
    Content type 'application/octet-stream' length 1493816 bytes (1.4 MB)
    ==================================================
    downloaded 1.4 MB
    
    [ FAIL 1 | WARN 1 | SKIP 0 | PASS 332 ]
    
    ══ Failed tests ════════════════════════════════════════════════════════════════
    ── Error ('test-student-col-types.R:36:5'): load_student() returns correct structure for full datasets ──
    Error in `utils::download.file(url = url_git, destfile = tmp)`: cannot open URL 'https://github.com/kevinwang09/learningtower/raw/master/student_full_data/student_2015.rds'
    Backtrace:
        ▆
     1. └─learningtower::load_student(year) at test-student-col-types.R:36:5
     2.   └─learningtower:::download_single_student(year = this_year)
     3.     └─utils::download.file(url = url_git, destfile = tmp)
    
    [ FAIL 1 | WARN 1 | SKIP 0 | PASS 332 ]
    Error: Test failures
    Execution halted
Flavor: r-devel-linux-x86_64-debian-gcc