Last updated on 2025-05-09 20:49:54 CEST.
Flavor | Version | Tinstall | Tcheck | Ttotal | Status | Flags |
---|---|---|---|---|---|---|
r-devel-linux-x86_64-debian-clang | 0.29.1 | 1.84 | 19.29 | 21.13 | NOTE | |
r-devel-linux-x86_64-debian-gcc | 0.29.1 | 1.64 | 16.15 | 17.79 | NOTE | |
r-devel-linux-x86_64-fedora-clang | 0.29.1 | 32.67 | OK | |||
r-devel-linux-x86_64-fedora-gcc | 0.29.1 | 31.64 | OK | |||
r-devel-windows-x86_64 | 0.29.1 | 3.00 | 40.00 | 43.00 | OK | |
r-patched-linux-x86_64 | 0.29.1 | 2.11 | 18.55 | 20.66 | OK | |
r-release-linux-x86_64 | 0.29.1 | 1.58 | 18.58 | 20.16 | OK | |
r-release-macos-arm64 | 0.29.1 | 17.00 | OK | |||
r-release-macos-x86_64 | 0.29.1 | 29.00 | OK | |||
r-release-windows-x86_64 | 0.29.1 | 3.00 | 43.00 | 46.00 | OK | |
r-oldrel-macos-arm64 | 0.29.1 | 15.00 | OK | |||
r-oldrel-macos-x86_64 | 0.29.1 | 21.00 | OK | |||
r-oldrel-windows-x86_64 | 0.29.1 | 3.00 | 44.00 | 47.00 | OK |
Version: 0.29.1
Check: CRAN incoming feasibility
Result: NOTE
Maintainer: ‘Richie Cotton <richierocks@gmail.com>’
No Authors@R field in DESCRIPTION.
Please add one, modifying
Authors@R: person(given = "Richie",
family = "Cotton",
role = c("aut", "cre"),
email = "richierocks@gmail.com")
as necessary.
Flavors: r-devel-linux-x86_64-debian-clang, r-devel-linux-x86_64-debian-gcc