Last updated on 2024-07-17 20:57:03 CEST.
Flavor | Version | Tinstall | Tcheck | Ttotal | Status | Flags |
---|---|---|---|---|---|---|
r-devel-linux-x86_64-debian-clang | 0.29.1 | 2.17 | 24.07 | 26.24 | OK | |
r-devel-linux-x86_64-debian-gcc | 0.29.1 | 1.96 | 18.33 | 20.29 | OK | |
r-devel-linux-x86_64-fedora-clang | 0.29.1 | 33.81 | NOTE | |||
r-devel-linux-x86_64-fedora-gcc | 0.29.1 | 31.55 | NOTE | |||
r-devel-windows-x86_64 | 0.29.1 | 3.00 | 41.00 | 44.00 | OK | |
r-patched-linux-x86_64 | 0.29.1 | 2.65 | 22.97 | 25.62 | OK | |
r-release-linux-x86_64 | 0.29.1 | 1.49 | 22.84 | 24.33 | OK | |
r-release-macos-arm64 | 0.29.1 | 15.00 | OK | |||
r-release-macos-x86_64 | 0.29.1 | 21.00 | OK | |||
r-release-windows-x86_64 | 0.29.1 | 3.00 | 42.00 | 45.00 | OK | |
r-oldrel-macos-arm64 | 0.29.1 | 17.00 | OK | |||
r-oldrel-macos-x86_64 | 0.29.1 | 21.00 | OK | |||
r-oldrel-windows-x86_64 | 0.29.1 | 4.00 | 42.00 | 46.00 | OK |
Version: 0.29.1
Check: Rd cross-references
Result: NOTE
Undeclared package ‘pracma’ in Rd xrefs
Flavor: r-devel-linux-x86_64-fedora-clang
Version: 0.29.1
Check: data for non-ASCII characters
Result: NOTE
Note: found 78 marked UTF-8 strings
Flavors: r-devel-linux-x86_64-fedora-clang, r-devel-linux-x86_64-fedora-gcc