Last updated on 2024-04-17 20:57:38 CEST.
Flavor | Version | Tinstall | Tcheck | Ttotal | Status | Flags |
---|---|---|---|---|---|---|
r-devel-linux-x86_64-debian-clang | 1.0.0 | 4.90 | 42.65 | 47.55 | NOTE | |
r-devel-linux-x86_64-debian-gcc | 1.0.0 | 3.81 | 31.65 | 35.46 | NOTE | |
r-devel-linux-x86_64-fedora-clang | 1.0.0 | 58.28 | NOTE | |||
r-devel-linux-x86_64-fedora-gcc | 1.0.0 | 55.16 | NOTE | |||
r-prerel-macos-arm64 | 1.0.0 | 22.00 | NOTE | |||
r-prerel-windows-x86_64 | 1.0.0 | 7.00 | 56.00 | 63.00 | NOTE | |
r-patched-linux-x86_64 | 1.0.0 | 11.68 | 39.38 | 51.06 | NOTE | |
r-release-linux-x86_64 | 1.0.0 | 5.51 | 39.93 | 45.44 | NOTE | |
r-release-macos-arm64 | 1.0.0 | 24.00 | NOTE | |||
r-release-macos-x86_64 | 1.0.0 | 32.00 | NOTE | |||
r-release-windows-x86_64 | 1.0.0 | 9.00 | 62.00 | 71.00 | NOTE | |
r-oldrel-macos-arm64 | 1.0.0 | 22.00 | NOTE | |||
r-oldrel-windows-x86_64 | 1.0.0 | 9.00 | 60.00 | 69.00 | NOTE |
Version: 1.0.0
Check: Rd files
Result: NOTE
checkRd: (-1) search-options.Rd:23: Lost braces; missing escapes or markup?
23 | \item{url}{url for search by ajax request, ex: "search.php?q={s}". Can be function that returns string for dynamic parameter setting.}
| ^
Flavors: r-devel-linux-x86_64-debian-clang, r-devel-linux-x86_64-debian-gcc, r-devel-linux-x86_64-fedora-clang, r-devel-linux-x86_64-fedora-gcc, r-prerel-macos-arm64, r-prerel-windows-x86_64, r-patched-linux-x86_64
Version: 1.0.0
Check: LazyData
Result: NOTE
'LazyData' is specified without a 'data' directory
Flavors: r-devel-linux-x86_64-debian-clang, r-devel-linux-x86_64-debian-gcc, r-devel-linux-x86_64-fedora-clang, r-devel-linux-x86_64-fedora-gcc, r-prerel-macos-arm64, r-prerel-windows-x86_64, r-patched-linux-x86_64, r-release-linux-x86_64, r-release-macos-arm64, r-release-macos-x86_64, r-release-windows-x86_64, r-oldrel-macos-arm64, r-oldrel-windows-x86_64