Last updated on 2024-07-17 20:57:03 CEST.
Flavor | Version | Tinstall | Tcheck | Ttotal | Status | Flags |
---|---|---|---|---|---|---|
r-devel-linux-x86_64-debian-clang | 2.0.0 | 4.70 | 62.80 | 67.50 | OK | |
r-devel-linux-x86_64-debian-gcc | 2.0.0 | 4.04 | 45.94 | 49.98 | OK | |
r-devel-linux-x86_64-fedora-clang | 2.0.0 | 87.95 | OK | |||
r-devel-linux-x86_64-fedora-gcc | 2.0.0 | 81.77 | OK | |||
r-devel-windows-x86_64 | 2.0.0 | 6.00 | 75.00 | 81.00 | NOTE | |
r-patched-linux-x86_64 | 2.0.0 | 8.81 | 60.61 | 69.42 | OK | |
r-release-linux-x86_64 | 2.0.0 | 4.42 | 61.22 | 65.64 | OK | |
r-release-macos-arm64 | 2.0.0 | 29.00 | OK | |||
r-release-macos-x86_64 | 2.0.0 | 71.00 | OK | |||
r-release-windows-x86_64 | 2.0.0 | 7.00 | 79.00 | 86.00 | OK | |
r-oldrel-macos-arm64 | 2.0.0 | 37.00 | OK | |||
r-oldrel-macos-x86_64 | 2.0.0 | 58.00 | OK | |||
r-oldrel-windows-x86_64 | 2.0.0 | 9.00 | 82.00 | 91.00 | OK |
Version: 2.0.0
Check: Rd cross-references
Result: NOTE
Found the following Rd file(s) with Rd \link{} targets missing package
anchors:
heatmap.Rd: clearGroup, addLayersControl, colorNumeric
omnivore.Rd: addTiles, labelOptions, popupOptions
webglheatmap.Rd: clearGroup, addLayersControl
Please provide package anchors for all Rd \link{} targets not in the
package itself and the base packages.
Flavor: r-devel-windows-x86_64