Last updated on 2023-11-27 19:52:43 CET.
Flavor | Version | Tinstall | Tcheck | Ttotal | Status | Flags |
---|---|---|---|---|---|---|
r-devel-linux-x86_64-debian-clang | 1.4.2 | 4.92 | 45.51 | 50.43 | NOTE | |
r-devel-linux-x86_64-debian-gcc | 1.4.2 | 3.78 | 35.88 | 39.66 | NOTE | |
r-devel-linux-x86_64-fedora-clang | 1.4.2 | 63.79 | NOTE | |||
r-devel-linux-x86_64-fedora-gcc | 1.4.2 | 61.97 | NOTE | |||
r-devel-windows-x86_64 | 1.4.2 | 8.00 | 70.00 | 78.00 | NOTE | |
r-patched-linux-x86_64 | 1.4.2 | 5.60 | 46.06 | 51.66 | OK | |
r-release-linux-x86_64 | 1.4.2 | 4.52 | 45.39 | 49.91 | OK | |
r-release-macos-arm64 | 1.4.2 | 26.00 | OK | |||
r-release-macos-x86_64 | 1.4.2 | 41.00 | OK | |||
r-release-windows-x86_64 | 1.4.2 | 9.00 | 74.00 | 83.00 | OK | |
r-oldrel-macos-arm64 | 1.4.2 | 26.00 | OK | |||
r-oldrel-macos-x86_64 | 1.4.2 | 34.00 | OK | |||
r-oldrel-windows-x86_64 | 1.4.2 | 9.00 | 74.00 | 83.00 | OK |
Version: 1.4.2
Check: Rd contents
Result: NOTE
Argument items with no description in Rd file 'top.topic.words.Rd':
‘alpha’
Flavors: r-devel-linux-x86_64-debian-clang, r-devel-linux-x86_64-debian-gcc, r-devel-linux-x86_64-fedora-clang, r-devel-linux-x86_64-fedora-gcc, r-devel-windows-x86_64
Version: 1.4.2
Check: compiled code
Result: NOTE
File ‘lda/libs/lda.so’:
Found no calls to: ‘R_registerRoutines’, ‘R_useDynamicSymbols’
It is good practice to register native routines and to disable symbol
search.
See ‘Writing portable packages’ in the ‘Writing R Extensions’ manual.
Flavors: r-devel-linux-x86_64-fedora-clang, r-devel-linux-x86_64-fedora-gcc