Last updated on 2023-03-21 19:57:15 CET.
Flavor | Version | Tinstall | Tcheck | Ttotal | Status | Flags |
---|---|---|---|---|---|---|
r-devel-linux-x86_64-debian-clang | 2.10.6 | 25.34 | 199.35 | 224.69 | NOTE | |
r-devel-linux-x86_64-debian-gcc | 2.10.6 | 17.41 | 143.85 | 161.26 | NOTE | |
r-devel-linux-x86_64-fedora-clang | 2.10.6 | 286.05 | NOTE | |||
r-devel-linux-x86_64-fedora-gcc | 2.10.6 | 258.36 | NOTE | |||
r-patched-linux-x86_64 | 2.10.6 | 25.35 | 184.13 | 209.48 | NOTE | |
r-release-linux-x86_64 | 2.10.6 | 17.63 | 181.72 | 199.35 | NOTE | |
r-release-macos-arm64 | 2.10.6 | 67.00 | NOTE | |||
r-release-macos-x86_64 | 2.10.6 | 98.00 | NOTE | |||
r-release-windows-x86_64 | 2.10.6 | 68.00 | 213.00 | 281.00 | NOTE | |
r-oldrel-macos-arm64 | 2.10.6 | 65.00 | NOTE | |||
r-oldrel-macos-x86_64 | 2.10.6 | 96.00 | NOTE | |||
r-oldrel-windows-ix86+x86_64 | 2.10.6 | 55.00 | 331.00 | 386.00 | NOTE |
Version: 2.10.6
Check: package dependencies
Result: NOTE
Package suggested but not available for checking: ‘ergm.userterms’
Flavors: r-devel-linux-x86_64-debian-clang, r-devel-linux-x86_64-debian-gcc, r-devel-linux-x86_64-fedora-clang, r-devel-linux-x86_64-fedora-gcc, r-patched-linux-x86_64, r-release-linux-x86_64
Version: 2.10.6
Check: Rd files
Result: NOTE
checkRd: (-1) simulate.ergmm.Rd:35: Escaped LaTeX specials: \$
checkRd: (-1) simulate.ergmm.Rd:36: Escaped LaTeX specials: \$
Flavors: r-devel-linux-x86_64-debian-clang, r-devel-linux-x86_64-debian-gcc, r-devel-linux-x86_64-fedora-clang, r-devel-linux-x86_64-fedora-gcc
Version: 2.10.6
Check: Rd cross-references
Result: NOTE
Unknown package ‘ergm.userterms’ in Rd xrefs
Flavors: r-devel-linux-x86_64-debian-clang, r-devel-linux-x86_64-debian-gcc, r-devel-linux-x86_64-fedora-clang, r-devel-linux-x86_64-fedora-gcc, r-patched-linux-x86_64, r-release-linux-x86_64
Version: 2.10.6
Check: for GNU extensions in Makefiles
Result: NOTE
GNU make is a SystemRequirements.
Flavors: r-devel-linux-x86_64-debian-clang, r-devel-linux-x86_64-debian-gcc, r-devel-linux-x86_64-fedora-clang, r-devel-linux-x86_64-fedora-gcc, r-patched-linux-x86_64, r-release-linux-x86_64, r-release-macos-arm64, r-release-macos-x86_64, r-release-windows-x86_64, r-oldrel-macos-arm64, r-oldrel-macos-x86_64, r-oldrel-windows-ix86+x86_64