Last updated on 2024-04-19 20:56:41 CEST.
Flavor | Version | Tinstall | Tcheck | Ttotal | Status | Flags |
---|---|---|---|---|---|---|
r-devel-linux-x86_64-debian-clang | 0.1-2 | 13.82 | 112.57 | 126.39 | OK | |
r-devel-linux-x86_64-debian-gcc | 0.1-2 | OK | ||||
r-devel-linux-x86_64-fedora-clang | 0.1-2 | 156.64 | NOTE | |||
r-devel-linux-x86_64-fedora-gcc | 0.1-2 | 152.87 | NOTE | |||
r-prerel-macos-arm64 | 0.1-2 | 45.00 | OK | |||
r-prerel-windows-x86_64 | 0.1-2 | 11.00 | 86.00 | 97.00 | OK | |
r-patched-linux-x86_64 | 0.1-2 | 17.20 | 108.73 | 125.93 | OK | |
r-release-linux-x86_64 | 0.1-2 | 13.53 | 110.53 | 124.06 | OK | |
r-release-macos-arm64 | 0.1-2 | 52.00 | OK | |||
r-release-macos-x86_64 | 0.1-2 | 61.00 | OK | |||
r-release-windows-x86_64 | 0.1-2 | 14.00 | 99.00 | 113.00 | OK | |
r-oldrel-macos-arm64 | 0.1-2 | 43.00 | NOTE | |||
r-oldrel-windows-x86_64 | 0.1-2 | 14.00 | 106.00 | 120.00 | OK |
Version: 0.1-2
Check: data for non-ASCII characters
Result: NOTE
Note: found 6 marked UTF-8 strings
Flavors: r-devel-linux-x86_64-fedora-clang, r-devel-linux-x86_64-fedora-gcc, r-oldrel-macos-arm64