CRAN Package Check Results for Package lar

Last updated on 2025-05-06 20:50:44 CEST.

Flavor Version Tinstall Tcheck Ttotal Status Flags
r-devel-linux-x86_64-debian-clang 0.1-2 10.98 94.23 105.21 NOTE
r-devel-linux-x86_64-debian-gcc 0.1-2 10.08 70.32 80.40 NOTE
r-devel-linux-x86_64-fedora-clang 0.1-2 156.47 OK
r-devel-linux-x86_64-fedora-gcc 0.1-2 160.97 OK
r-devel-windows-x86_64 0.1-2 11.00 92.00 103.00 NOTE
r-patched-linux-x86_64 0.1-2 11.27 88.49 99.76 NOTE
r-release-linux-x86_64 0.1-2 10.90 87.66 98.56 NOTE
r-release-macos-arm64 0.1-2 53.00 OK
r-release-macos-x86_64 0.1-2 87.00 OK
r-release-windows-x86_64 0.1-2 11.00 92.00 103.00 NOTE
r-oldrel-macos-arm64 0.1-2 45.00 OK
r-oldrel-macos-x86_64 0.1-2 75.00 OK
r-oldrel-windows-x86_64 0.1-2 14.00 113.00 127.00 OK

Check Details

Version: 0.1-2
Check: CRAN incoming feasibility
Result: NOTE Maintainer: ‘Richard Zijdeman <richard.zijdeman@iisg.nl>’ The Description field contains relations (see http://www.historyoflabourrelations.org). The package Please enclose URLs in angle brackets (<...>). Flavors: r-devel-linux-x86_64-debian-clang, r-devel-linux-x86_64-debian-gcc

Version: 0.1-2
Check: Rd cross-references
Result: NOTE Found the following Rd file(s) with Rd \link{} targets missing package anchors: draw.lar.Rd: treemap Please provide package anchors for all Rd \link{} targets not in the package itself and the base packages. Flavors: r-devel-linux-x86_64-debian-clang, r-devel-linux-x86_64-debian-gcc, r-devel-windows-x86_64, r-patched-linux-x86_64, r-release-linux-x86_64, r-release-windows-x86_64