Last updated on 2023-11-29 19:54:10 CET.
Flavor | Version | Tinstall | Tcheck | Ttotal | Status | Flags |
---|---|---|---|---|---|---|
r-devel-linux-x86_64-debian-clang | 2.0.0 | 164.26 | 425.17 | 589.43 | OK | |
r-devel-linux-x86_64-debian-gcc | 2.0.0 | 107.87 | 326.89 | 434.76 | OK | |
r-devel-linux-x86_64-fedora-clang | 2.1.0 | 639.60 | OK | |||
r-devel-linux-x86_64-fedora-gcc | 2.1.0 | 642.18 | OK | |||
r-devel-windows-x86_64 | 2.1.0 | 112.00 | 273.00 | 385.00 | OK | |
r-patched-linux-x86_64 | 2.0.0 | 145.07 | 405.16 | 550.23 | OK | |
r-release-linux-x86_64 | 2.0.0 | 128.63 | 405.84 | 534.47 | OK | |
r-release-macos-arm64 | 2.1.0 | 143.00 | NOTE | |||
r-release-macos-x86_64 | 2.0.0 | 317.00 | NOTE | |||
r-release-windows-x86_64 | 2.0.0 | 162.00 | 484.00 | 646.00 | OK | |
r-oldrel-macos-arm64 | 2.1.0 | 141.00 | NOTE | |||
r-oldrel-macos-x86_64 | 2.0.0 | 257.00 | OK | |||
r-oldrel-windows-x86_64 | 2.1.0 | 111.00 | 305.00 | 416.00 | OK |
Version: 2.1.0
Check: installed package size
Result: NOTE
installed size is 5.2Mb
sub-directories of 1Mb or more:
libs 3.5Mb
Flavors: r-release-macos-arm64, r-oldrel-macos-arm64
Version: 2.0.0
Check: installed package size
Result: NOTE
installed size is 5.1Mb
sub-directories of 1Mb or more:
libs 3.5Mb
Flavor: r-release-macos-x86_64