CRAN Package Check Results for Package lambda.r

Last updated on 2025-02-06 19:49:26 CET.

Flavor Version Tinstall Tcheck Ttotal Status Flags
r-devel-linux-x86_64-debian-clang 1.2.4 2.53 28.18 30.71 NOTE
r-devel-linux-x86_64-debian-gcc 1.2.4 2.58 22.06 24.64 NOTE
r-devel-linux-x86_64-fedora-clang 1.2.4 51.70 NOTE
r-devel-linux-x86_64-fedora-gcc 1.2.4 47.68 NOTE
r-devel-windows-x86_64 1.2.4 5.00 56.00 61.00 NOTE
r-patched-linux-x86_64 1.2.4 2.88 26.70 29.58 NOTE
r-release-linux-x86_64 1.2.4 2.67 27.81 30.48 NOTE
r-release-macos-arm64 1.2.4 21.00 NOTE
r-release-macos-x86_64 1.2.4 27.00 NOTE
r-release-windows-x86_64 1.2.4 4.00 54.00 58.00 NOTE
r-oldrel-macos-arm64 1.2.4 20.00 OK
r-oldrel-macos-x86_64 1.2.4 28.00 OK
r-oldrel-windows-x86_64 1.2.4 5.00 57.00 62.00 OK

Check Details

Version: 1.2.4
Check: Rd files
Result: NOTE checkRd: (-1) lambda.r-package.Rd:71-74: Lost braces 71 | x \%g\% y \%:=\% { | ^ Flavors: r-devel-linux-x86_64-debian-clang, r-devel-linux-x86_64-debian-gcc, r-devel-linux-x86_64-fedora-clang, r-devel-linux-x86_64-fedora-gcc, r-devel-windows-x86_64, r-patched-linux-x86_64, r-release-linux-x86_64, r-release-macos-arm64, r-release-macos-x86_64, r-release-windows-x86_64