Last updated on 2024-07-17 20:57:02 CEST.
Flavor | Version | Tinstall | Tcheck | Ttotal | Status | Flags |
---|---|---|---|---|---|---|
r-devel-linux-x86_64-debian-clang | 1.1-7 | 9.48 | 188.47 | 197.95 | OK | |
r-devel-linux-x86_64-debian-gcc | 1.1-7 | 8.82 | 144.94 | 153.76 | OK | |
r-devel-linux-x86_64-fedora-clang | 1.1-7 | 254.41 | OK | |||
r-devel-linux-x86_64-fedora-gcc | 1.1-7 | 264.74 | OK | |||
r-devel-windows-x86_64 | 1.1-7 | 10.00 | 218.00 | 228.00 | NOTE | |
r-patched-linux-x86_64 | 1.1-7 | 13.95 | 187.27 | 201.22 | OK | |
r-release-linux-x86_64 | 1.1-7 | 7.32 | 184.07 | 191.39 | OK | |
r-release-macos-arm64 | 1.1-7 | 84.00 | OK | |||
r-release-macos-x86_64 | 1.1-7 | 134.00 | OK | |||
r-release-windows-x86_64 | 1.1-7 | 10.00 | 232.00 | 242.00 | OK | |
r-oldrel-macos-arm64 | 1.1-7 | 123.00 | OK | |||
r-oldrel-macos-x86_64 | 1.1-7 | 215.00 | OK | |||
r-oldrel-windows-x86_64 | 1.1-7 | 15.00 | 232.00 | 247.00 | OK |
Version: 1.1-7
Check: Rd cross-references
Result: NOTE
Found the following Rd file(s) with Rd \link{} targets missing package
anchors:
contagdiscstate.Rd: Hest
Please provide package anchors for all Rd \link{} targets not in the
package itself and the base packages.
Flavor: r-devel-windows-x86_64