Last updated on 2025-05-09 20:49:53 CEST.
Flavor | Version | Tinstall | Tcheck | Ttotal | Status | Flags |
---|---|---|---|---|---|---|
r-devel-linux-x86_64-debian-clang | 1.0.13 | 2.41 | 26.23 | 28.64 | NOTE | |
r-devel-linux-x86_64-debian-gcc | 1.0.13 | 1.83 | 20.28 | 22.11 | NOTE | |
r-devel-linux-x86_64-fedora-clang | 1.0.13 | 43.62 | OK | |||
r-devel-linux-x86_64-fedora-gcc | 1.0.13 | 42.03 | OK | |||
r-devel-windows-x86_64 | 1.0.13 | 3.00 | 48.00 | 51.00 | OK | |
r-patched-linux-x86_64 | 1.0.13 | 2.63 | 24.52 | 27.15 | OK | |
r-release-linux-x86_64 | 1.0.13 | 2.25 | 24.66 | 26.91 | OK | |
r-release-macos-arm64 | 1.0.13 | 17.00 | OK | |||
r-release-macos-x86_64 | 1.0.13 | 29.00 | OK | |||
r-release-windows-x86_64 | 1.0.13 | 4.00 | 53.00 | 57.00 | OK | |
r-oldrel-macos-arm64 | 1.0.13 | 17.00 | OK | |||
r-oldrel-macos-x86_64 | 1.0.13 | 24.00 | OK | |||
r-oldrel-windows-x86_64 | 1.0.13 | 4.00 | 48.00 | 52.00 | OK |
Version: 1.0.13
Check: CRAN incoming feasibility
Result: NOTE
Maintainer: ‘Stefano M. Iacus <siacus@iq.harvard.edu>’
No Authors@R field in DESCRIPTION.
Please add one, modifying
Authors@R: c(person(given = "Stefano",
family = "M.Iacus",
role = "aut",
email = "siacus@iq.harvard.edu"),
person(given = "Guido",
family = "Masarotto",
role = "aut",
email = "guido@sirio.stat.unipd.it"),
person(given = c("Stefano", "M."),
family = "Iacus",
role = "cre",
email = "siacus@iq.harvard.edu"))
as necessary.
Flavors: r-devel-linux-x86_64-debian-clang, r-devel-linux-x86_64-debian-gcc