CRAN Package Check Results for Package label.switching

Last updated on 2025-05-17 20:50:19 CEST.

Flavor Version Tinstall Tcheck Ttotal Status Flags
r-devel-linux-x86_64-debian-clang 1.8 3.45 28.58 32.03 NOTE
r-devel-linux-x86_64-debian-gcc 1.8 2.26 21.96 24.22 NOTE
r-devel-linux-x86_64-fedora-clang 1.8 51.04 OK
r-devel-linux-x86_64-fedora-gcc 1.8 51.65 OK
r-devel-windows-x86_64 1.8 5.00 67.00 72.00 OK
r-patched-linux-x86_64 1.8 3.92 27.84 31.76 OK
r-release-linux-x86_64 1.8 2.97 27.42 30.39 OK
r-release-macos-arm64 1.8 21.00 OK
r-release-macos-x86_64 1.8 48.00 OK
r-release-windows-x86_64 1.8 4.00 76.00 80.00 OK
r-oldrel-macos-arm64 1.8 29.00 OK
r-oldrel-macos-x86_64 1.8 27.00 OK
r-oldrel-windows-x86_64 1.8 5.00 68.00 73.00 OK

Check Details

Version: 1.8
Check: CRAN incoming feasibility
Result: NOTE Maintainer: ‘Panagiotis Papastamoulis <papapast@yahoo.gr>’ No Authors@R field in DESCRIPTION. Please add one, modifying Authors@R: person(given = "Panagiotis", family = "Papastamoulis", role = c("aut", "cre"), email = "papapast@yahoo.gr") as necessary. Flavors: r-devel-linux-x86_64-debian-clang, r-devel-linux-x86_64-debian-gcc