Last updated on 2025-02-20 19:51:34 CET.
Flavor | Version | Tinstall | Tcheck | Ttotal | Status | Flags |
---|---|---|---|---|---|---|
r-devel-linux-x86_64-debian-clang | 0.1.0 | 9.21 | 93.34 | 102.55 | OK | |
r-devel-linux-x86_64-debian-gcc | 0.1.0 | 5.43 | 66.36 | 71.79 | OK | |
r-devel-linux-x86_64-fedora-clang | 0.1.0 | 166.70 | OK | |||
r-devel-linux-x86_64-fedora-gcc | 0.1.0 | 172.23 | OK | |||
r-devel-macos-arm64 | 0.1.0 | 50.00 | OK | |||
r-devel-macos-x86_64 | 0.1.0 | 127.00 | OK | |||
r-devel-windows-x86_64 | 0.1.0 | 10.00 | 123.00 | 133.00 | OK | |
r-patched-linux-x86_64 | 0.1.0 | 9.71 | 88.99 | 98.70 | NOTE | |
r-release-linux-x86_64 | 0.1.0 | 8.60 | 90.71 | 99.31 | NOTE | |
r-release-macos-arm64 | 0.1.0 | 52.00 | NOTE | |||
r-release-macos-x86_64 | 0.1.0 | 77.00 | NOTE | |||
r-release-windows-x86_64 | 0.1.0 | 10.00 | 110.00 | 120.00 | NOTE | |
r-oldrel-macos-arm64 | 0.1.0 | 59.00 | NOTE | |||
r-oldrel-macos-x86_64 | 0.1.0 | 139.00 | NOTE | |||
r-oldrel-windows-x86_64 | 0.1.0 | 13.00 | 122.00 | 135.00 | NOTE |
Version: 0.1.0
Check: package dependencies
Result: NOTE
Package suggested but not available for checking: ‘RGeostats’
Flavors: r-patched-linux-x86_64, r-release-linux-x86_64, r-release-macos-arm64, r-release-macos-x86_64, r-release-windows-x86_64, r-oldrel-macos-arm64, r-oldrel-macos-x86_64, r-oldrel-windows-x86_64