CRAN Package Check Results for Package kknn

Last updated on 2022-12-02 20:53:17 CET.

Flavor Version Tinstall Tcheck Ttotal Status Flags
r-devel-linux-x86_64-debian-clang 1.3.1 11.79 85.20 96.99 OK
r-devel-linux-x86_64-debian-gcc 1.3.1 8.34 64.39 72.73 OK
r-devel-linux-x86_64-fedora-clang 1.3.1 127.46 NOTE
r-devel-linux-x86_64-fedora-gcc 1.3.1 130.30 NOTE
r-devel-windows-x86_64 1.3.1 17.00 109.00 126.00 OK
r-patched-linux-x86_64 1.3.1 10.71 80.99 91.70 OK
r-release-linux-x86_64 1.3.1 9.97 82.50 92.47 OK
r-release-macos-arm64 1.3.1 35.00 OK
r-release-macos-x86_64 1.3.1 47.00 OK
r-release-windows-x86_64 1.3.1 18.00 113.00 131.00 OK
r-oldrel-macos-arm64 1.3.1 37.00 OK
r-oldrel-macos-x86_64 1.3.1 66.00 OK
r-oldrel-windows-ix86+x86_64 1.3.1 23.00 132.00 155.00 OK

Check Details

Version: 1.3.1
Check: compiled code
Result: NOTE
    File ‘kknn/libs/kknn.so’:
     Found no calls to: ‘R_registerRoutines’, ‘R_useDynamicSymbols’
    
    It is good practice to register native routines and to disable symbol
    search.
    
    See ‘Writing portable packages’ in the ‘Writing R Extensions’ manual.
Flavors: r-devel-linux-x86_64-fedora-clang, r-devel-linux-x86_64-fedora-gcc