Last updated on 2023-11-27 19:52:43 CET.
Flavor | Version | Tinstall | Tcheck | Ttotal | Status | Flags |
---|---|---|---|---|---|---|
r-devel-linux-x86_64-debian-clang | 1.3.1 | 10.12 | 85.79 | 95.91 | OK | |
r-devel-linux-x86_64-debian-gcc | 1.3.1 | 7.55 | 65.08 | 72.63 | OK | |
r-devel-linux-x86_64-fedora-clang | 1.3.1 | 117.93 | NOTE | |||
r-devel-linux-x86_64-fedora-gcc | 1.3.1 | 113.59 | NOTE | |||
r-devel-windows-x86_64 | 1.3.1 | 10.00 | 82.00 | 92.00 | OK | |
r-patched-linux-x86_64 | 1.3.1 | 11.97 | 83.87 | 95.84 | OK | |
r-release-linux-x86_64 | 1.3.1 | 8.15 | 83.78 | 91.93 | OK | |
r-release-macos-arm64 | 1.3.1 | 35.00 | OK | |||
r-release-macos-x86_64 | 1.3.1 | 63.00 | OK | |||
r-release-windows-x86_64 | 1.3.1 | 14.00 | 95.00 | 109.00 | OK | |
r-oldrel-macos-arm64 | 1.3.1 | 35.00 | OK | |||
r-oldrel-macos-x86_64 | 1.3.1 | 47.00 | OK | |||
r-oldrel-windows-x86_64 | 1.3.1 | 14.00 | 95.00 | 109.00 | OK |
Version: 1.3.1
Check: compiled code
Result: NOTE
File ‘kknn/libs/kknn.so’:
Found no calls to: ‘R_registerRoutines’, ‘R_useDynamicSymbols’
It is good practice to register native routines and to disable symbol
search.
See ‘Writing portable packages’ in the ‘Writing R Extensions’ manual.
Flavors: r-devel-linux-x86_64-fedora-clang, r-devel-linux-x86_64-fedora-gcc