CRAN Package Check Results for Package kiwisR

Last updated on 2024-07-12 21:50:02 CEST.

Flavor Version Tinstall Tcheck Ttotal Status Flags
r-devel-linux-x86_64-debian-clang 0.2.0 1.86 31.83 33.69 NOTE
r-devel-linux-x86_64-debian-gcc 0.2.0 1.89 24.51 26.40 NOTE
r-devel-linux-x86_64-fedora-clang 0.2.0 42.18 NOTE
r-devel-linux-x86_64-fedora-gcc 0.2.0 39.32 NOTE
r-devel-windows-x86_64 0.2.0 4.00 125.00 129.00 NOTE
r-patched-linux-x86_64 0.2.0 2.21 30.45 32.66 NOTE
r-release-linux-x86_64 0.2.0 2.11 30.26 32.37 NOTE
r-release-macos-arm64 0.2.0 114.00 NOTE
r-release-macos-x86_64 0.2.0 124.00 NOTE
r-release-windows-x86_64 0.2.0 3.00 125.00 128.00 NOTE
r-oldrel-macos-arm64 0.2.0 137.00 NOTE
r-oldrel-macos-x86_64 0.2.0 132.00 NOTE
r-oldrel-windows-x86_64 0.2.0 5.00 132.00 137.00 NOTE

Check Details

Version: 0.2.0
Check: LazyData
Result: NOTE 'LazyData' is specified without a 'data' directory Flavors: r-devel-linux-x86_64-debian-clang, r-devel-linux-x86_64-debian-gcc, r-devel-linux-x86_64-fedora-clang, r-devel-linux-x86_64-fedora-gcc, r-devel-windows-x86_64, r-patched-linux-x86_64, r-release-linux-x86_64, r-release-macos-arm64, r-release-macos-x86_64, r-release-windows-x86_64, r-oldrel-macos-arm64, r-oldrel-macos-x86_64, r-oldrel-windows-x86_64