Last updated on 2024-04-23 20:52:07 CEST.
Flavor | Version | Tinstall | Tcheck | Ttotal | Status | Flags |
---|---|---|---|---|---|---|
r-devel-linux-x86_64-debian-clang | 0.0.16 | 11.47 | 32.85 | 44.32 | NOTE | |
r-devel-linux-x86_64-debian-gcc | 0.0.16 | 13.76 | 24.95 | 38.71 | NOTE | |
r-devel-linux-x86_64-fedora-clang | 0.0.16 | 62.81 | NOTE | |||
r-devel-linux-x86_64-fedora-gcc | 0.0.16 | 65.30 | NOTE | |||
r-prerel-macos-arm64 | 0.0.16 | 23.00 | OK | |||
r-prerel-macos-x86_64 | 0.0.16 | 42.00 | OK | |||
r-prerel-windows-x86_64 | 0.0.16 | 36.00 | 52.00 | 88.00 | OK | |
r-patched-linux-x86_64 | 0.0.16 | 17.29 | 32.24 | 49.53 | OK | |
r-release-linux-x86_64 | 0.0.16 | 14.76 | 31.14 | 45.90 | OK | |
r-release-macos-arm64 | 0.0.16 | 28.00 | OK | |||
r-release-macos-x86_64 | 0.0.16 | 47.00 | OK | |||
r-release-windows-x86_64 | 0.0.16 | 41.00 | 55.00 | 96.00 | OK | |
r-oldrel-macos-arm64 | 0.0.16 | 30.00 | OK | |||
r-oldrel-windows-x86_64 | 0.0.16 | 30.00 | 56.00 | 86.00 | OK |
Version: 0.0.16
Check: compiled code
Result: NOTE
File ‘kit/libs/kit.so’:
Found non-API call to R: ‘SETLENGTH’
Compiled code should not call non-API entry points in R.
See ‘Writing portable packages’ in the ‘Writing R Extensions’ manual.
Flavors: r-devel-linux-x86_64-debian-clang, r-devel-linux-x86_64-debian-gcc, r-devel-linux-x86_64-fedora-clang, r-devel-linux-x86_64-fedora-gcc