Last updated on 2024-03-27 19:56:55 CET.
Flavor | Version | Tinstall | Tcheck | Ttotal | Status | Flags |
---|---|---|---|---|---|---|
r-devel-linux-x86_64-debian-clang | 1.0-4 | 30.14 | 276.91 | 307.05 | NOTE | |
r-devel-linux-x86_64-debian-gcc | 1.0-4 | 23.35 | 200.04 | 223.39 | NOTE | |
r-devel-linux-x86_64-fedora-clang | 1.0-4 | 362.31 | NOTE | |||
r-devel-linux-x86_64-fedora-gcc | 1.0-4 | 358.15 | NOTE | |||
r-devel-windows-x86_64 | 1.0-4 | 25.00 | 169.00 | 194.00 | NOTE | |
r-patched-linux-x86_64 | 1.0-4 | 27.19 | 271.73 | 298.92 | OK | |
r-release-linux-x86_64 | 1.0-4 | 34.47 | 261.54 | 296.01 | OK | |
r-release-macos-arm64 | 1.0-4 | 83.00 | OK | |||
r-release-macos-x86_64 | 1.0-4 | 158.00 | OK | |||
r-release-windows-x86_64 | 1.0-4 | 34.00 | 216.00 | 250.00 | OK | |
r-oldrel-macos-arm64 | 1.0-4 | 78.00 | OK | |||
r-oldrel-windows-x86_64 | 1.0-4 | 34.00 | 215.00 | 249.00 | OK |
Version: 1.0-4
Check: Rd files
Result: NOTE
checkRd: (-1) kissmig.Rd:32: Lost braces
32 | migration in species distribution models (\doi{10.1111/ecog.00930}{Nobis and Normand 2014}).
| ^
checkRd: (-1) kissmig.Rd:86: Lost braces
86 | \item{\doi{10.1111/ecog.00930}{Nobis MP and Normand S (2014)} KISSMig - a simple model for R to account for
| ^
Flavors: r-devel-linux-x86_64-debian-clang, r-devel-linux-x86_64-debian-gcc, r-devel-linux-x86_64-fedora-clang, r-devel-linux-x86_64-fedora-gcc, r-devel-windows-x86_64