CRAN Package Check Results for Package keyToEnglish

Last updated on 2023-01-26 19:49:30 CET.

Flavor Version Tinstall Tcheck Ttotal Status Flags
r-devel-linux-x86_64-debian-clang 0.2.1 3.03 26.81 29.84 NOTE
r-devel-linux-x86_64-debian-gcc 0.2.1 2.15 21.23 23.38 NOTE
r-devel-linux-x86_64-fedora-clang 0.2.1 37.96 NOTE
r-devel-linux-x86_64-fedora-gcc 0.2.1 37.22 NOTE
r-devel-windows-x86_64 0.2.1 31.00 57.00 88.00 NOTE
r-patched-linux-x86_64 0.2.1 2.11 26.73 28.84 OK
r-release-linux-x86_64 0.2.1 2.25 26.45 28.70 OK
r-release-macos-arm64 0.2.1 18.00 OK
r-release-macos-x86_64 0.2.1 22.00 OK
r-release-windows-x86_64 0.2.1 41.00 58.00 99.00 OK
r-oldrel-macos-arm64 0.2.1 22.00 OK
r-oldrel-macos-x86_64 0.2.1 30.00 OK
r-oldrel-windows-ix86+x86_64 0.2.1 7.00 57.00 64.00 OK

Check Details

Version: 0.2.1
Check: package subdirectories
Result: NOTE
    Problems with news in ‘NEWS.md’:
     Cannot extract version info from the following section titles:
     Minor Changes
Flavors: r-devel-linux-x86_64-debian-clang, r-devel-linux-x86_64-debian-gcc, r-devel-linux-x86_64-fedora-clang, r-devel-linux-x86_64-fedora-gcc, r-devel-windows-x86_64