Last updated on 2025-11-03 21:50:25 CET.
| Flavor | Version | Tinstall | Tcheck | Ttotal | Status | Flags | 
|---|---|---|---|---|---|---|
| r-devel-linux-x86_64-debian-clang | 0.1.4 | 1.87 | 19.95 | 21.82 | NOTE | |
| r-devel-linux-x86_64-debian-gcc | 0.1.4 | 1.44 | 16.56 | 18.00 | NOTE | |
| r-devel-linux-x86_64-fedora-clang | 0.1.4 | 33.51 | OK | |||
| r-devel-linux-x86_64-fedora-gcc | 0.1.4 | 29.80 | OK | |||
| r-devel-windows-x86_64 | 0.1.4 | 3.00 | 35.00 | 38.00 | OK | |
| r-patched-linux-x86_64 | 0.1.4 | 1.37 | 18.70 | 20.07 | OK | |
| r-release-linux-x86_64 | 0.1.4 | 1.52 | 18.88 | 20.40 | OK | |
| r-release-macos-arm64 | 0.1.4 | 1.00 | 15.00 | 16.00 | OK | |
| r-release-macos-x86_64 | 0.1.4 | 2.00 | 22.00 | 24.00 | OK | |
| r-release-windows-x86_64 | 0.1.4 | 2.00 | 35.00 | 37.00 | OK | |
| r-oldrel-macos-arm64 | 0.1.4 | 1.00 | 14.00 | 15.00 | OK | |
| r-oldrel-macos-x86_64 | 0.1.4 | 1.00 | 19.00 | 20.00 | OK | |
| r-oldrel-windows-x86_64 | 0.1.4 | 2.00 | 37.00 | 39.00 | OK | 
Version: 0.1.4
Check: CRAN incoming feasibility
Result: NOTE
  Maintainer: ‘Hoseung Song <hosong@ucdavis.edu>’
  
  The Description field contains
    <arXiv:2011.06127>.
  Please refer to arXiv e-prints via their arXiv DOI <doi:10.48550/arXiv.YYMM.NNNNN>.
Flavors: r-devel-linux-x86_64-debian-clang, r-devel-linux-x86_64-debian-gcc