Last updated on 2025-05-06 20:50:43 CEST.
Flavor | Version | Tinstall | Tcheck | Ttotal | Status | Flags |
---|---|---|---|---|---|---|
r-devel-linux-x86_64-debian-clang | 0.1.1 | 7.28 | 90.29 | 97.57 | OK | |
r-devel-linux-x86_64-debian-gcc | 0.1.1 | 4.31 | 64.65 | 68.96 | OK | |
r-devel-linux-x86_64-fedora-clang | 0.1.1 | 140.87 | NOTE | |||
r-devel-linux-x86_64-fedora-gcc | 0.1.1 | 161.00 | NOTE | |||
r-devel-windows-x86_64 | 0.1.1 | 8.00 | 100.00 | 108.00 | OK | |
r-patched-linux-x86_64 | 0.1.1 | 6.86 | 81.76 | 88.62 | OK | |
r-release-linux-x86_64 | 0.1.1 | 6.65 | 82.30 | 88.95 | OK | |
r-release-macos-arm64 | 0.1.1 | 53.00 | OK | |||
r-release-macos-x86_64 | 0.1.1 | 107.00 | OK | |||
r-release-windows-x86_64 | 0.1.1 | 9.00 | 98.00 | 107.00 | OK | |
r-oldrel-macos-arm64 | 0.1.1 | 54.00 | OK | |||
r-oldrel-macos-x86_64 | 0.1.1 | 87.00 | OK | |||
r-oldrel-windows-x86_64 | 0.1.1 | 10.00 | 119.00 | 129.00 | OK |
Version: 0.1.1
Check: dependencies in R code
Result: NOTE
Namespace in Imports field not imported from: ‘gifski’
All declared Imports should be used.
Flavors: r-devel-linux-x86_64-fedora-clang, r-devel-linux-x86_64-fedora-gcc