Last updated on 2025-10-21 21:01:09 CEST.
Flavor | Version | Tinstall | Tcheck | Ttotal | Status | Flags |
---|---|---|---|---|---|---|
r-devel-linux-x86_64-debian-clang | 1.2 | 16.66 | 57.14 | 73.80 | NOTE | |
r-devel-linux-x86_64-debian-gcc | 1.2 | 10.00 | 36.05 | 46.05 | NOTE | |
r-devel-linux-x86_64-fedora-clang | 1.2 | 95.00 | 33.10 | 128.10 | OK | |
r-devel-linux-x86_64-fedora-gcc | 1.2 | 34.00 | 68.17 | 102.17 | OK | |
r-devel-windows-x86_64 | 1.2 | 16.00 | 57.00 | 73.00 | OK | |
r-patched-linux-x86_64 | 1.2 | 17.41 | 52.40 | 69.81 | OK | |
r-release-linux-x86_64 | 1.2 | 15.96 | 51.53 | 67.49 | OK | |
r-release-macos-arm64 | 1.2 | 6.00 | 21.00 | 27.00 | OK | |
r-release-macos-x86_64 | 1.2 | 13.00 | 42.00 | 55.00 | OK | |
r-release-windows-x86_64 | 1.2 | 16.00 | 61.00 | 77.00 | OK | |
r-oldrel-macos-arm64 | 1.2 | 6.00 | 20.00 | 26.00 | OK | |
r-oldrel-macos-x86_64 | 1.2 | 16.00 | 33.00 | 49.00 | OK | |
r-oldrel-windows-x86_64 | 1.2 | 16.00 | 57.00 | 73.00 | OK |
Version: 1.2
Check: CRAN incoming feasibility
Result: NOTE
Maintainer: ‘Michael A Rotondi <mrotondi@yorku.ca>’
No Authors@R field in DESCRIPTION.
Please add one, modifying
Authors@R: person(given = c("Michael", "A"),
family = "Rotondi",
role = c("aut", "cre"),
email = "mrotondi@yorku.ca")
as necessary.
Flavors: r-devel-linux-x86_64-debian-clang, r-devel-linux-x86_64-debian-gcc