Last updated on 2025-11-23 20:48:52 CET.
| Flavor | Version | Tinstall | Tcheck | Ttotal | Status | Flags |
|---|---|---|---|---|---|---|
| r-devel-linux-x86_64-debian-clang | 3.2.0 | 14.63 | 132.05 | 146.68 | NOTE | |
| r-devel-linux-x86_64-debian-gcc | 3.2.0 | 10.70 | 94.71 | 105.41 | NOTE | |
| r-devel-linux-x86_64-fedora-clang | 3.2.0 | 30.00 | 192.76 | 222.76 | NOTE | |
| r-devel-linux-x86_64-fedora-gcc | 3.2.0 | 29.00 | 203.13 | 232.13 | NOTE | |
| r-devel-windows-x86_64 | 3.2.0 | 18.00 | 121.00 | 139.00 | NOTE | |
| r-patched-linux-x86_64 | 3.2.0 | 12.48 | 125.76 | 138.24 | NOTE | |
| r-release-linux-x86_64 | 3.2.0 | 15.50 | 126.18 | 141.68 | NOTE | |
| r-release-macos-arm64 | 3.2.0 | NOTE | ||||
| r-release-macos-x86_64 | 3.2.0 | 14.00 | 128.00 | 142.00 | NOTE | |
| r-release-windows-x86_64 | 3.2.0 | 14.00 | 120.00 | 134.00 | NOTE | |
| r-oldrel-macos-arm64 | 3.2.0 | OK | ||||
| r-oldrel-macos-x86_64 | 3.2.0 | 18.00 | 105.00 | 123.00 | OK | |
| r-oldrel-windows-x86_64 | 3.2.0 | 21.00 | 157.00 | 178.00 | OK |
Version: 3.2.0
Check: CRAN incoming feasibility
Result: NOTE
Maintainer: ‘Stéphane Laurent <laurent_step@outlook.fr>’
No Authors@R field in DESCRIPTION.
Please add one, modifying
Authors@R: person(given = "Stéphane",
family = "Laurent",
role = c("aut", "cre"),
email = "laurent_step@outlook.fr")
as necessary.
Flavors: r-devel-linux-x86_64-debian-clang, r-devel-linux-x86_64-debian-gcc
Version: 3.2.0
Check: DESCRIPTION meta-information
Result: NOTE
Missing dependency on R >= 4.1.0 because package code uses the pipe
|> or function shorthand \(...) syntax added in R 4.1.0.
File(s) using such syntax:
‘kantorovich_ompr.R’
Flavors: r-devel-linux-x86_64-debian-clang, r-devel-linux-x86_64-debian-gcc, r-devel-linux-x86_64-fedora-clang, r-devel-linux-x86_64-fedora-gcc, r-devel-windows-x86_64, r-patched-linux-x86_64, r-release-linux-x86_64, r-release-macos-arm64, r-release-macos-x86_64, r-release-windows-x86_64