Last updated on 2023-01-26 19:49:30 CET.
Flavor | Version | Tinstall | Tcheck | Ttotal | Status | Flags |
---|---|---|---|---|---|---|
r-devel-linux-x86_64-debian-clang | 2.0.0 | 35.46 | 33.32 | 68.78 | OK | |
r-devel-linux-x86_64-debian-gcc | 2.0.0 | 31.42 | 26.18 | 57.60 | OK | |
r-devel-linux-x86_64-fedora-clang | 2.0.0 | 106.43 | OK | |||
r-devel-linux-x86_64-fedora-gcc | 2.0.0 | 113.83 | NOTE | |||
r-devel-windows-x86_64 | 2.0.0 | 46.00 | 91.00 | 137.00 | OK | |
r-patched-linux-x86_64 | 2.0.0 | 31.47 | 33.35 | 64.82 | OK | |
r-release-linux-x86_64 | 2.0.0 | 33.56 | 33.30 | 66.86 | OK | |
r-release-macos-arm64 | 2.0.0 | 37.00 | OK | |||
r-release-macos-x86_64 | 2.0.0 | 41.00 | OK | |||
r-release-windows-x86_64 | 2.0.0 | 81.00 | 85.00 | 166.00 | OK | |
r-oldrel-macos-arm64 | 2.0.0 | 38.00 | OK | |||
r-oldrel-macos-x86_64 | 2.0.0 | 48.00 | OK | |||
r-oldrel-windows-ix86+x86_64 | 2.0.0 | 94.00 | 89.00 | 183.00 | OK |
Version: 2.0.0
Check: C++ specification
Result: NOTE
Specified C++11: please update to current default of C++17
Flavor: r-devel-linux-x86_64-fedora-gcc