CRAN Package Check Results for Package kairos

Last updated on 2025-05-06 20:50:43 CEST.

Flavor Version Tinstall Tcheck Ttotal Status Flags
r-devel-linux-x86_64-debian-clang 2.2.1 10.51 94.24 104.75 NOTE
r-devel-linux-x86_64-debian-gcc 2.2.1 7.46 65.70 73.16 NOTE
r-devel-linux-x86_64-fedora-clang 2.2.1 180.46 OK
r-devel-linux-x86_64-fedora-gcc 2.2.1 168.98 OK
r-devel-windows-x86_64 2.2.1 11.00 104.00 115.00 OK
r-patched-linux-x86_64 2.2.1 12.50 89.28 101.78 OK
r-release-linux-x86_64 2.2.1 9.88 89.80 99.68 OK
r-release-macos-arm64 2.2.1 51.00 OK
r-release-macos-x86_64 2.2.1 97.00 OK
r-release-windows-x86_64 2.2.1 10.00 103.00 113.00 OK
r-oldrel-macos-arm64 2.2.1 55.00 OK
r-oldrel-macos-x86_64 2.2.1 99.00 OK
r-oldrel-windows-x86_64 2.2.1 10.00 129.00 139.00 OK

Check Details

Version: 2.2.1
Check: DESCRIPTION meta-information
Result: NOTE Author field differs from that derived from Authors@R Author: ‘Nicolas Frerebeau [aut, cre] (<https://orcid.org/0000-0001-5759-4944>), Brice Lebrun [art] (<https://orcid.org/0000-0001-7503-8685>, Logo designer), Ben Marwick [ctb] (<https://orcid.org/0000-0001-7879-4531>), Anne Philippe [ctb] (<https://orcid.org/0000-0002-5331-5087>), Université Bordeaux Montaigne [fnd] (03pbgwk21), CNRS [fnd] (02feahw73)’ Authors@R: ‘Nicolas Frerebeau [aut, cre] (ORCID: <https://orcid.org/0000-0001-5759-4944>), Brice Lebrun [art] (ORCID: <https://orcid.org/0000-0001-7503-8685>, Logo designer), Ben Marwick [ctb] (ORCID: <https://orcid.org/0000-0001-7879-4531>), Anne Philippe [ctb] (ORCID: <https://orcid.org/0000-0002-5331-5087>), Université Bordeaux Montaigne [fnd] (ROR: <https://ror.org/03pbgwk21>), CNRS [fnd] (ROR: <https://ror.org/02feahw73>)’ Flavors: r-devel-linux-x86_64-debian-clang, r-devel-linux-x86_64-debian-gcc