Last updated on 2023-11-30 20:48:39 CET.
Flavor | Version | Tinstall | Tcheck | Ttotal | Status | Flags |
---|---|---|---|---|---|---|
r-devel-linux-x86_64-debian-clang | 0.2.6 | 7.01 | 96.03 | 103.04 | OK | |
r-devel-linux-x86_64-debian-gcc | 0.2.6 | 5.11 | 71.70 | 76.81 | OK | |
r-devel-linux-x86_64-fedora-clang | 0.2.6 | 125.10 | NOTE | |||
r-devel-linux-x86_64-fedora-gcc | 0.2.6 | 133.83 | OK | |||
r-devel-windows-x86_64 | 0.2.6 | 7.00 | 93.00 | 100.00 | OK | |
r-patched-linux-x86_64 | 0.2.6 | 4.45 | 93.23 | 97.68 | OK | |
r-release-linux-x86_64 | 0.2.6 | 3.72 | 90.98 | 94.70 | OK | |
r-release-macos-arm64 | 0.2.6 | 44.00 | OK | |||
r-release-macos-x86_64 | 0.2.6 | 82.00 | OK | |||
r-release-windows-x86_64 | 0.2.6 | 8.00 | 110.00 | 118.00 | OK | |
r-oldrel-macos-arm64 | 0.2.6 | 37.00 | OK | |||
r-oldrel-macos-x86_64 | 0.2.6 | 54.00 | OK | |||
r-oldrel-windows-x86_64 | 0.2.6 | 9.00 | 107.00 | 116.00 | OK |
Version: 0.2.6
Check: Rd cross-references
Result: NOTE
Undeclared package ‘ggplot2’ in Rd xrefs
Flavor: r-devel-linux-x86_64-fedora-clang