Last updated on 2024-04-18 21:56:54 CEST.
Flavor | Version | Tinstall | Tcheck | Ttotal | Status | Flags |
---|---|---|---|---|---|---|
r-devel-linux-x86_64-debian-clang | 0.3.3 | 8.05 | 95.00 | 103.05 | NOTE | |
r-devel-linux-x86_64-debian-gcc | 0.3.3 | 6.84 | 71.70 | 78.54 | NOTE | |
r-devel-linux-x86_64-fedora-clang | 0.3.3 | 135.74 | NOTE | |||
r-devel-linux-x86_64-fedora-gcc | 0.3.3 | 136.91 | NOTE | |||
r-prerel-macos-arm64 | 0.3.3 | 49.00 | NOTE | |||
r-prerel-windows-x86_64 | 0.3.3 | 11.00 | 134.00 | 145.00 | NOTE | |
r-patched-linux-x86_64 | 0.3.3 | 8.37 | 94.69 | 103.06 | NOTE | |
r-release-linux-x86_64 | 0.3.3 | 7.03 | 90.27 | 97.30 | NOTE | |
r-release-macos-arm64 | 0.3.3 | 47.00 | NOTE | |||
r-release-macos-x86_64 | 0.3.3 | 83.00 | NOTE | |||
r-release-windows-x86_64 | 0.3.3 | 11.00 | 143.00 | 154.00 | NOTE | |
r-oldrel-macos-arm64 | 0.3.3 | 42.00 | NOTE | |||
r-oldrel-windows-x86_64 | 0.3.3 | 12.00 | 143.00 | 155.00 | NOTE |
Version: 0.3.3
Check: LazyData
Result: NOTE
'LazyData' is specified without a 'data' directory
Flavors: r-devel-linux-x86_64-debian-clang, r-devel-linux-x86_64-debian-gcc, r-devel-linux-x86_64-fedora-clang, r-devel-linux-x86_64-fedora-gcc, r-prerel-macos-arm64, r-prerel-windows-x86_64, r-patched-linux-x86_64, r-release-linux-x86_64, r-release-macos-arm64, r-release-macos-x86_64, r-release-windows-x86_64, r-oldrel-macos-arm64, r-oldrel-windows-x86_64